{"id":2772,"date":"2021-01-18T21:22:56","date_gmt":"2021-01-18T21:22:56","guid":{"rendered":"http:\/\/anatjegyzet.hu\/?page_id=2772"},"modified":"2022-04-22T16:24:24","modified_gmt":"2022-04-22T16:24:24","slug":"gy-i-k","status":"publish","type":"page","link":"https:\/\/anatjegyzet.hu\/?page_id=2772","title":{"rendered":"GY.I.K."},"content":{"rendered":"<p>[vc_row][vc_column][vc_column_text]<\/p>\n<p class=\"has-huge-font-size\">Gyakran Ism\u00e9telt K\u00e9rd\u00e9sek<\/p>\n<p>&nbsp;<\/p>\n\n\n<div class=\"wp-block-columns is-layout-flex wp-container-core-columns-is-layout-28f84493 wp-block-columns-is-layout-flex\">\n<div class=\"wp-block-column is-layout-flow wp-block-column-is-layout-flow\">\n<p><strong>HOGYAN TUDOK FIZETNI?<\/strong><\/p>\n\n<p>Fizetni vagy k\u00f6zvetlen banki \u00e1tutal\u00e1ssal, vagy a Barion biztons\u00e1gos rendszer\u00e9n kereszt\u00fcl tudsz, bankk\u00e1rty\u00e1val.<\/p>\n\n\n<hr class=\"wp-block-separator is-style-wide\" \/>\n\n<p><strong>MIKOR V\u00c1RHAT\u00d3 AZ \u00daJ R\u00c9SZEK MEGJELEN\u00c9SE?<\/strong><\/p>\n\n<p>A T\u00fal\u00e9l\u0151k\u00f6nyveken folyamatosan dolgozom &#8211; az egyes r\u00e9szek v\u00e1rhat\u00f3 megjelen\u00e9si idej\u00e9t a &#8220;Hamarosan&#8221; men\u00fcpont alatt tal\u00e1lod.<\/p>\n\n\n<hr class=\"wp-block-separator is-style-wide\" \/>\n\n<p><strong>SZ\u00dcKS\u00c9G VAN B\u00c1RMILYEN SPECI\u00c1LIS PROGRAMRA A JEGYZETEK MEGNYIT\u00c1S\u00c1HOZ?<\/strong><\/p>\n\n<p>Nincs. A T\u00fal\u00e9l\u0151k\u00f6nyvek .pdf form\u00e1tumban \u00e9rhet\u0151ek el, \u00edgy tulajdonk\u00e9ppen b\u00e1rmely PC-n vagy tableten meg tudod nyitni \u0151ket, valamint nyomtat\u00e1suk is egyszer\u0171.<\/p>\n\n\n<hr class=\"wp-block-separator is-style-wide\" \/>\n\n<p><strong>A BAR\u00c1TAIM EL TUDJ\u00c1K K\u00dcLDENI NEKEM A T\u00daL\u00c9L\u0150K\u00d6NYVEKET INGYEN IS. MI\u00c9RT KELLENE FIZETNEM \u00c9RT\u00dcK?<\/strong><\/p>\n\n<p>B\u00e1r a T\u00fal\u00e9l\u0151k\u00f6nyvek nem hivatalos tank\u00f6nyvek, elk\u00e9sz\u00edt\u00e9s\u00fck igen sok id\u0151t \u00e9s energi\u00e1t ig\u00e9nyel. A bel\u0151l\u00fck befolyt \u00f6sszeg biztos\u00edtja a weblap megmarad\u00e1s\u00e1t, az illusztr\u00e1l\u00e1sukhoz sz\u00fcks\u00e9ges eszk\u00f6z\u00f6k fenntart\u00e1s\u00e1t, a jegyzetek folyamatos friss\u00edt\u00e9s\u00e9nek k\u00f6lts\u00e9geit.<\/p>\n\n<p>Megv\u00e1s\u00e1rl\u00e1sukkal mindezeket t\u00e1mogatod.<\/p>\n<p><\/div>\n\n\n<div class=\"wp-block-column is-layout-flow wp-block-column-is-layout-flow\">\n<p><strong>HOGYAN \u00c9REM EL A MEGV\u00c1S\u00c1ROLT JEGYZETEKET?<\/strong><\/p>\n\n<p>Bankk\u00e1rty\u00e1s fizet\u00e9s eset\u00e9n a tranzakci\u00f3 teljes\u00fcl\u00e9se ut\u00e1n k\u00f6zvetlen\u00fcl egy linket tartalmaz\u00f3 e-mail ker\u00fcl kik\u00fcld\u00e9sre az \u00e1ltalad megadott e-mail c\u00edmre. Erre a linkre kattintva bel\u00e9phetsz az els\u0151 rendel\u00e9sed sor\u00e1n l\u00e9trehozott felhaszn\u00e1l\u00f3i fi\u00f3kba, ahol a &#8220;Let\u00f6lt\u00e9sek&#8221; men\u00fcpont alatt tal\u00e1lod megv\u00e1s\u00e1rolt jegyzeteidet.<\/p>\n\n<p>Banki \u00e1tutal\u00e1s eset\u00e9n a linket tartalmaz\u00f3 e-mail k\u00fcld\u00e9se nem automatikus, hanem az utal\u00e1s be\u00e9rkez\u00e9s\u00e9t k\u00f6vet\u0151en t\u00f6rt\u00e9nik, manu\u00e1lisan. Ennek k\u00f6vetkezt\u00e9ben az \u00f6sszeg be\u00e9rkez\u00e9s\u00e9t\u0151l sz\u00e1m\u00edtott 24 \u00f3r\u00e1n bel\u00fcl ker\u00fcl elk\u00fcld\u00e9sre a link.<\/p>\n\n\n<hr class=\"wp-block-separator is-style-wide\" \/>\n\n<p><strong>EG\u00c9SZ \u00c9VBEN EL\u00c9RHET\u0150EK A JEGYZETEK?<\/strong><\/p>\n\n<p>Igen. A <a href=\"https:\/\/anatjegyzet.hu\" target=\"_blank\" rel=\"noreferrer noopener\"><span class=\"has-inline-color has-vivid-cyan-blue-color\">https:\/\/anatjegyzet.hu<\/span><\/a> eg\u00e9sz \u00e9vben \u00fczemel, \u00edgy b\u00e1rmikor kedvedre v\u00e1logathatsz jegyzeteink k\u00f6z\u00fcl.<\/p>\n\n<p>\u00c9rdemes nyomon k\u00f6vetni a honlapot, az \u00fajabb \u00e9s \u00fajabb fejezetek megjelen\u00e9se miatt.<\/p>\n<p><\/div>\n\n\n<div class=\"wp-block-column is-layout-flow wp-block-column-is-layout-flow\">\n<p><strong>HOGYAN TUDOK REGISZTR\u00c1LNI AZ OLDALRA?<\/strong><\/p>\n\n<p>Az els\u0151 v\u00e1s\u00e1rl\u00e1sod alkalm\u00e1val fi\u00f3kod automatikusan elk\u00e9sz\u00fcl neved alapj\u00e1n. A bel\u00e9p\u00e9shez sz\u00fcks\u00e9ges felhaszn\u00e1l\u00f3n\u00e9v \u00e9s jelsz\u00f3 ugyancsak automatikusan elk\u00fcld\u00e9sre ker\u00fcl az \u00e1ltalad megadott e-mail c\u00edmre.<\/p>\n\n<p>K\u00e9s\u0151bbi v\u00e1s\u00e1rl\u00e1said sor\u00e1n csak jelentkezz be a &#8220;Login&#8221; gombra kattintva, \u00e9s folytasd a v\u00e1s\u00e1rl\u00e1st k\u00e9nyelmesen.<\/p>\n\n\n<hr class=\"wp-block-separator is-style-wide\" \/>\n\n<p><strong>EL\u00c9GS\u00c9GES A T\u00daL\u00c9L\u0150K\u00d6NYVEKB\u0150L TANULNI?<\/strong><\/p>\n\n<p>B\u00e1r a T\u00fal\u00e9l\u0151k\u00f6nyveket igyekszem a legprec\u00edzebben \u00f6ssze\u00e1ll\u00edtani, felhaszn\u00e1lva a t\u00e9m\u00e1ba v\u00e1g\u00f3 irodalom lehet\u0151 legnagyobb r\u00e9sz\u00e9t, a T\u00fal\u00e9l\u0151k\u00f6nyvek m\u00e9gsem k\u00e9pezik r\u00e9sz\u00e9t a hazai orvos- \u00e9s fogorvosk\u00e9pz\u00e9s hivatalos tank\u00f6nyv list\u00e1j\u00e1nak. \u00c9pp ez\u00e9rt, mint kieg\u00e9sz\u00edt\u0151, a t\u00e9mak\u00f6r\u00f6k elm\u00e9ly\u00edt\u00e9s\u00e9t, jobb meg\u00e9rt\u00e9s\u00e9t seg\u00edt\u0151 jegyzetk\u00e9nt \u00e9rdemes kezelni.<\/p>\n<p><\/div>\n<p><\/div>\n\n\n<p>&nbsp;<\/p>\n<p>[\/vc_column_text][\/vc_column][\/vc_row]<\/p>\n","protected":false},"excerpt":{"rendered":"<p>[vc_row][vc_column][vc_column_text] Gyakran Ism\u00e9telt K\u00e9rd\u00e9sek &nbsp; HOGYAN TUDOK FIZETNI? Fizetni vagy k\u00f6zvetlen banki \u00e1tutal\u00e1ssal, vagy a Barion biztons\u00e1gos rendszer\u00e9n kereszt\u00fcl tudsz, bankk\u00e1rty\u00e1val. MIKOR V\u00c1RHAT\u00d3 AZ \u00daJ R\u00c9SZEK MEGJELEN\u00c9SE? A T\u00fal\u00e9l\u0151k\u00f6nyveken folyamatosan dolgozom &#8211; az egyes r\u00e9szek v\u00e1rhat\u00f3 megjelen\u00e9si idej\u00e9t a &#8220;Hamarosan&#8221; men\u00fcpont alatt tal\u00e1lod. SZ\u00dcKS\u00c9G VAN B\u00c1RMILYEN SPECI\u00c1LIS PROGRAMRA A JEGYZETEK MEGNYIT\u00c1S\u00c1HOZ? Nincs. A T\u00fal\u00e9l\u0151k\u00f6nyvek .pdf&hellip;<\/p>\n","protected":false},"author":2,"featured_media":0,"parent":0,"menu_order":0,"comment_status":"closed","ping_status":"closed","template":"","meta":{"footnotes":""},"class_list":["post-2772","page","type-page","status-publish","hentry"],"jetpack_sharing_enabled":true,"_links":{"self":[{"href":"https:\/\/anatjegyzet.hu\/index.php?rest_route=\/wp\/v2\/pages\/2772","targetHints":{"allow":["GET"]}}],"collection":[{"href":"https:\/\/anatjegyzet.hu\/index.php?rest_route=\/wp\/v2\/pages"}],"about":[{"href":"https:\/\/anatjegyzet.hu\/index.php?rest_route=\/wp\/v2\/types\/page"}],"author":[{"embeddable":true,"href":"https:\/\/anatjegyzet.hu\/index.php?rest_route=\/wp\/v2\/users\/2"}],"replies":[{"embeddable":true,"href":"https:\/\/anatjegyzet.hu\/index.php?rest_route=%2Fwp%2Fv2%2Fcomments&post=2772"}],"version-history":[{"count":22,"href":"https:\/\/anatjegyzet.hu\/index.php?rest_route=\/wp\/v2\/pages\/2772\/revisions"}],"predecessor-version":[{"id":3596,"href":"https:\/\/anatjegyzet.hu\/index.php?rest_route=\/wp\/v2\/pages\/2772\/revisions\/3596"}],"wp:attachment":[{"href":"https:\/\/anatjegyzet.hu\/index.php?rest_route=%2Fwp%2Fv2%2Fmedia&parent=2772"}],"curies":[{"name":"wp","href":"https:\/\/api.w.org\/{rel}","templated":true}]}}