{"id":52,"date":"2014-12-30T10:08:50","date_gmt":"2014-12-30T10:08:50","guid":{"rendered":"http:\/\/education.themerex.net\/?page_id=52"},"modified":"2023-01-30T12:14:10","modified_gmt":"2023-01-30T12:14:10","slug":"contact-us","status":"publish","type":"page","link":"https:\/\/anatjegyzet.hu\/?page_id=52","title":{"rendered":"Kapcsolat"},"content":{"rendered":"<p>[vc_row][vc_column][vc_column_text]<\/p>\r\n<p class=\"has-text-align-justify\"><p>Amennyiben b\u00e1rmilyen k\u00e9rd\u00e9sed lenne term\u00e9keinkkel, szolg\u00e1ltat\u00e1sainkkal kapcsolatban, vagy amennyiben a jegyzetekben tal\u00e1lt hib\u00e1t szeretn\u00e9d bejelenteni, keress minket az al\u00e1bbi form kit\u00f6lt\u00e9s\u00e9vel!<\/p>\r\n<p class=\"has-text-align-justify\"><p>Amennyiben t\u00f6bb hib\u00e1t is tal\u00e1lt\u00e1l egy adott jegyzetben, egy .pdf file form\u00e1j\u00e1ban lehet\u0151s\u00e9g van annak felt\u00f6lt\u00e9s\u00e9re is a bejelent\u0151 formon kereszt\u00fcl!<\/p>\r\n<p class=\"has-text-align-justify\"><p>\u00a0A hib\u00e1t bejelent\u0151k k\u00f6z\u00f6tt minden t\u00e1rgyh\u00f3t k\u00f6vet\u0151 h\u00f3nap k\u00f6zep\u00e9ig kedvezm\u00e9ny-csomagot sorsolunk ki!<\/p>\r\n\r\n<div class=\"wp-block-columns is-layout-flex wp-container-core-columns-is-layout-28f84493 wp-block-columns-is-layout-flex\">\r\n<div class=\"wp-block-column is-layout-flow wp-block-column-is-layout-flow\"><div class=\"wpforms-container wpforms-container-full wpforms-block\" id=\"wpforms-4090\"><form id=\"wpforms-form-4090\" class=\"wpforms-validate wpforms-form wpforms-ajax-form\" data-formid=\"4090\" method=\"post\" enctype=\"multipart\/form-data\" action=\"\/index.php?rest_route=%2Fwp%2Fv2%2Fpages%2F52&#038;wpforms_form_id=4090\" data-token=\"930d6785cb62b2096ad28f8744cce58e\" data-token-time=\"1779021099\"><noscript class=\"wpforms-error-noscript\">Please enable JavaScript in your browser to complete this form.<\/noscript><div class=\"wpforms-field-container\"><div id=\"wpforms-4090-field_2-container\" class=\"wpforms-field wpforms-field-name\" data-field-id=\"2\"><label class=\"wpforms-field-label\" for=\"wpforms-4090-field_2\">N\u00e9v <span class=\"wpforms-required-label\">*<\/span><\/label><input type=\"text\" id=\"wpforms-4090-field_2\" class=\"wpforms-field-medium wpforms-field-required\" name=\"wpforms[fields][2]\" required><\/div><div id=\"wpforms-4090-field_3-container\" class=\"wpforms-field wpforms-field-email\" data-field-id=\"3\"><label class=\"wpforms-field-label\" for=\"wpforms-4090-field_3\">E-mail c\u00edm <span class=\"wpforms-required-label\">*<\/span><\/label><input type=\"email\" id=\"wpforms-4090-field_3\" class=\"wpforms-field-medium wpforms-field-required\" name=\"wpforms[fields][3]\" spellcheck=\"false\" required><\/div><div id=\"wpforms-4090-field_32-container\" class=\"wpforms-field wpforms-field-radio wpforms-conditional-trigger\" data-field-id=\"32\"><label class=\"wpforms-field-label\">Jegyzetben tal\u00e1lt hib\u00e1t szeretn\u00e9l bejelenteni?<\/label><ul id=\"wpforms-4090-field_32\"><li class=\"choice-1 depth-1\"><input type=\"radio\" id=\"wpforms-4090-field_32_1\" name=\"wpforms[fields][32]\" value=\"Igen\"  ><label class=\"wpforms-field-label-inline\" for=\"wpforms-4090-field_32_1\">Igen<\/label><\/li><li class=\"choice-2 depth-1\"><input type=\"radio\" id=\"wpforms-4090-field_32_2\" name=\"wpforms[fields][32]\" value=\"Nem\"  ><label class=\"wpforms-field-label-inline\" for=\"wpforms-4090-field_32_2\">Nem<\/label><\/li><\/ul><\/div><div id=\"wpforms-4090-field_33-container\" class=\"wpforms-field wpforms-field-text wpforms-conditional-field wpforms-conditional-show\" data-field-id=\"33\" style=\"display:none;\"><label class=\"wpforms-field-label\" for=\"wpforms-4090-field_33\">\u00dczenet t\u00e1rgya<\/label><input type=\"text\" id=\"wpforms-4090-field_33\" class=\"wpforms-field-medium\" name=\"wpforms[fields][33]\" ><\/div><div id=\"wpforms-4090-field_34-container\" class=\"wpforms-field wpforms-field-textarea wpforms-conditional-field wpforms-conditional-show\" data-field-id=\"34\" style=\"display:none;\"><label class=\"wpforms-field-label\" for=\"wpforms-4090-field_34\">\u00dczenet sz\u00f6vege<\/label><textarea id=\"wpforms-4090-field_34\" class=\"wpforms-field-medium\" name=\"wpforms[fields][34]\" placeholder=\"K\u00e9rlek, ide \u00edrd le k\u00e9rd\u00e9seidet!\" ><\/textarea><\/div><div id=\"wpforms-4090-field_4-container\" class=\"wpforms-field wpforms-field-select wpforms-conditional-field wpforms-conditional-show wpforms-conditional-trigger wpforms-field-select-style-classic\" data-field-id=\"4\" style=\"display:none;\"><label class=\"wpforms-field-label\" for=\"wpforms-4090-field_4\">Melyik jegyzetben tal\u00e1ltad a hib\u00e1t? <span class=\"wpforms-required-label\">*<\/span><\/label><select id=\"wpforms-4090-field_4\" class=\"wpforms-field-medium wpforms-field-required\" name=\"wpforms[fields][4]\" required=\"required\"><option value=\"\" class=\"placeholder\" disabled  selected='selected'>V\u00e1lassz egyet a list\u00e1b\u00f3l!<\/option><option value=\"Anat\u00f3mia T\u00fal\u00e9l\u0151k\u00f6nyv\"  class=\"choice-2 depth-1\"  >Anat\u00f3mia T\u00fal\u00e9l\u0151k\u00f6nyv<\/option><option value=\"Fejl\u0151d\u00e9stan T\u00fal\u00e9l\u0151k\u00f6nyv\"  class=\"choice-3 depth-1\"  >Fejl\u0151d\u00e9stan T\u00fal\u00e9l\u0151k\u00f6nyv<\/option><\/select><div class=\"wpforms-field-description\">A jegyzet kiv\u00e1laszt\u00e1sa ut\u00e1n lentebb megjelen\u0151 leg\u00f6rd\u00fcl\u0151 men\u00fcb\u0151l tudod kiv\u00e1lasztani a fejezetet.<\/div><\/div><div id=\"wpforms-4090-field_36-container\" class=\"wpforms-field wpforms-field-radio wpforms-conditional-field wpforms-conditional-show wpforms-conditional-trigger\" data-field-id=\"36\" style=\"display:none;\"><label class=\"wpforms-field-label\">F\u00e1jl form\u00e1j\u00e1ban szeretn\u00e9d felt\u00f6lteni a hib\u00e1kat?<\/label><ul id=\"wpforms-4090-field_36\"><li class=\"choice-1 depth-1\"><input type=\"radio\" id=\"wpforms-4090-field_36_1\" name=\"wpforms[fields][36]\" value=\"Igen\"  ><label class=\"wpforms-field-label-inline\" for=\"wpforms-4090-field_36_1\">Igen<\/label><\/li><li class=\"choice-2 depth-1\"><input type=\"radio\" id=\"wpforms-4090-field_36_2\" name=\"wpforms[fields][36]\" value=\"Nem\"  ><label class=\"wpforms-field-label-inline\" for=\"wpforms-4090-field_36_2\">Nem<\/label><\/li><\/ul><div class=\"wpforms-field-description\">Amennyiben t\u00f6bb hib\u00e1t is tal\u00e1lt\u00e1l egy jegyzetben, egy el\u0151re elmentett .pdf f\u00e1jlban is felt\u00f6ltheted az al\u00e1bbiakban!<\/div><\/div><div id=\"wpforms-4090-field_35-container\" class=\"wpforms-field wpforms-field-file-upload wpforms-conditional-field wpforms-conditional-show\" data-field-id=\"35\" style=\"display:none;\"><label class=\"wpforms-field-label\" for=\"wpforms-4090-field_35\">F\u00e1jl felt\u00f6lt\u00e9s<\/label><div\n\t\tclass=\"wpforms-uploader \"\n\t\tdata-field-id=\"35\"\n\t\tdata-form-id=\"4090\"\n\t\tdata-input-name=\"wpforms_4090_35\"\n\t\tdata-extensions=\"jpg,jpeg,jpe,gif,png,bmp,tiff,tif,webp,avif,ico,heic,heif,heics,heifs,asf,asx,wmv,wmx,wm,avi,divx,mov,qt,mpeg,mpg,mpe,mp4,m4v,ogv,webm,mkv,3gp,3gpp,3g2,3gp2,txt,asc,c,cc,h,srt,csv,tsv,ics,rtx,css,vtt,mp3,m4a,m4b,aac,ra,ram,wav,x-wav,ogg,oga,flac,mid,midi,wma,wax,mka,rtf,pdf,class,tar,zip,gz,gzip,rar,7z,psd,xcf,doc,pot,pps,ppt,wri,xla,xls,xlt,xlw,mpp,docx,docm,dotx,dotm,xlsx,xlsm,xlsb,xltx,xltm,xlam,pptx,pptm,ppsx,ppsm,potx,potm,ppam,sldx,sldm,onetoc,onetoc2,onepkg,oxps,xps,odt,odp,ods,odg,odc,odb,odf,wp,wpd,key,numbers,pages\"\n\t\tdata-max-size=\"146800640\"\n\t\tdata-max-file-number=\"1\"\n\t\tdata-post-max-size=\"146800640\"\n\t\tdata-max-parallel-uploads=\"4\"\n\t\tdata-parallel-uploads=\"true\"\n\t\tdata-file-chunk-size=\"2097152\">\n\t<div class=\"dz-message\">\n\t\t<svg  viewBox=\"0 0 640 640\" focusable=\"false\" data-icon=\"inbox\" width=\"50px\" height=\"50px\" fill=\"currentColor\" aria-hidden=\"true\">\n\t\t\t<path d=\"M352 173.3L352 384C352 401.7 337.7 416 320 416C302.3 416 288 401.7 288 384L288 173.3L246.6 214.7C234.1 227.2 213.8 227.2 201.3 214.7C188.8 202.2 188.8 181.9 201.3 169.4L297.3 73.4C309.8 60.9 330.1 60.9 342.6 73.4L438.6 169.4C451.1 181.9 451.1 202.2 438.6 214.7C426.1 227.2 405.8 227.2 393.3 214.7L352 173.3zM320 464C364.2 464 400 428.2 400 384L480 384C515.3 384 544 412.7 544 448L544 480C544 515.3 515.3 544 480 544L160 544C124.7 544 96 515.3 96 480L96 448C96 412.7 124.7 384 160 384L240 384C240 428.2 275.8 464 320 464zM464 488C477.3 488 488 477.3 488 464C488 450.7 477.3 440 464 440C450.7 440 440 450.7 440 464C440 477.3 450.7 488 464 488z\"\/>\n\t\t<\/svg>\n\n\t\t<span class=\"modern-title\">\n\t\t\t\t\t\t\tDrag &amp; Drop Files, \t\t\t\t<span>Choose Files to Upload<\/span>\n\t\t\t\t\t<\/span>\n\n\t\t\t<\/div>\n<\/div>\n\n<input\n\t\ttype=\"text\"\n\t\tautocomplete=\"off\"\n\t\treadonly\n\t\tclass=\"dropzone-input\"\n\t\tstyle=\"position:absolute!important;clip:rect(0,0,0,0)!important;height:1px!important;width:1px!important;border:0!important;overflow:hidden!important;padding:0!important;margin:0!important;\"\n\t\tid=\"wpforms-4090-field_35\"\n\t\tname=\"wpforms_4090_35\" \t\tvalue=\"\">\n<div class=\"wpforms-field-description\">Amennyiben m\u00e1r kigy\u0171jt\u00f6tted a hib\u00e1kat (pl. egy pdf file-ba), k\u00e9rlek ide t\u00f6ltsd fel! K\u00e9rlek a f\u00e1jl tartalmazza a hib\u00e1k pontos hely\u00e9t (jegyzet c\u00edme, oldalsz\u00e1m) a jav\u00edt\u00e1s k\u00f6nnyebb\u00e9 t\u00e9tele \u00e9rdek\u00e9ben!<\/div><\/div><div id=\"wpforms-4090-field_5-container\" class=\"wpforms-field wpforms-field-select wpforms-conditional-field wpforms-conditional-show wpforms-conditional-trigger wpforms-field-select-style-classic\" data-field-id=\"5\" style=\"display:none;\"><label class=\"wpforms-field-label\" for=\"wpforms-4090-field_5\">Melyik fejezetben tal\u00e1ltad a hib\u00e1t? <span class=\"wpforms-required-label\">*<\/span><\/label><select id=\"wpforms-4090-field_5\" class=\"wpforms-field-medium wpforms-field-required\" name=\"wpforms[fields][5]\" required=\"required\"><option value=\"\" class=\"placeholder\" disabled  selected='selected'>V\u00e1lassz egyet a list\u00e1b\u00f3l!<\/option><option value=\"0. fejezet - \u00c1ltal\u00e1nos anat\u00f3mia\"  class=\"choice-4 depth-1\"  >0. fejezet &#8211; \u00c1ltal\u00e1nos anat\u00f3mia<\/option><option value=\"1a. fejezet - A fels\u0151 v\u00e9gtag anat\u00f3mi\u00e1ja\"  class=\"choice-1 depth-1\"  >1a. fejezet &#8211; A fels\u0151 v\u00e9gtag anat\u00f3mi\u00e1ja<\/option><option value=\"1b. fejezet - Az als\u00f3 v\u00e9gtag anat\u00f3mi\u00e1ja\"  class=\"choice-2 depth-1\"  >1b. fejezet &#8211; Az als\u00f3 v\u00e9gtag anat\u00f3mi\u00e1ja<\/option><option value=\"1c. fejezet - A t\u00f6rzs \u00e9s a nyak anat\u00f3mi\u00e1ja\"  class=\"choice-3 depth-1\"  >1c. fejezet &#8211; A t\u00f6rzs \u00e9s a nyak anat\u00f3mi\u00e1ja<\/option><option value=\"1d. fejezet - A koponya \u00e9s a fej anat\u00f3mi\u00e1ja\"  class=\"choice-12 depth-1\"  >1d. fejezet &#8211; A koponya \u00e9s a fej anat\u00f3mi\u00e1ja<\/option><option value=\"2a. fejezet - A l\u00e9gz\u0151rendszer anat\u00f3mi\u00e1ja\"  class=\"choice-11 depth-1\"  >2a. fejezet &#8211; A l\u00e9gz\u0151rendszer anat\u00f3mi\u00e1ja<\/option><option value=\"2b. fejezet - A kering\u00e9si rendszer anat\u00f3mi\u00e1ja\"  class=\"choice-10 depth-1\"  >2b. fejezet &#8211; A kering\u00e9si rendszer anat\u00f3mi\u00e1ja<\/option><option value=\"2c. fejezet - Az em\u00e9szt\u0151rendszer anat\u00f3mi\u00e1ja\"  class=\"choice-9 depth-1\"  >2c. fejezet &#8211; Az em\u00e9szt\u0151rendszer anat\u00f3mi\u00e1ja<\/option><option value=\"2d. fejezet - Az urogenitalis rendszer anat\u00f3mi\u00e1ja\"  class=\"choice-8 depth-1\"  >2d. fejezet &#8211; Az urogenitalis rendszer anat\u00f3mi\u00e1ja<\/option><option value=\"3a. fejezet - A k\u00f6zponti idegrendszer makroszk\u00f3pi\u00e1ja\"  class=\"choice-7 depth-1\"  >3a. fejezet &#8211; A k\u00f6zponti idegrendszer makroszk\u00f3pi\u00e1ja<\/option><option value=\"3b. fejezet - A k\u00f6zponti idegrendszer mikroszk\u00f3pi\u00e1ja\"  class=\"choice-6 depth-1\"  >3b. fejezet &#8211; A k\u00f6zponti idegrendszer mikroszk\u00f3pi\u00e1ja<\/option><option value=\"3c. fejezet - A perif\u00e9ri\u00e1s idegrendszer anat\u00f3mi\u00e1ja\"  class=\"choice-5 depth-1\"  >3c. fejezet &#8211; A perif\u00e9ri\u00e1s idegrendszer anat\u00f3mi\u00e1ja<\/option><option value=\"3d. fejezet - Az auton\u00f3m idegrendszer \u00e9s az endokrin szervek anat\u00f3mi\u00e1ja\"  class=\"choice-13 depth-1\"  >3d. fejezet &#8211; Az auton\u00f3m idegrendszer \u00e9s az endokrin szervek anat\u00f3mi\u00e1ja<\/option><option value=\"3e. fejezet - Az \u00e9rz\u00e9kszervek anat\u00f3mi\u00e1ja\"  class=\"choice-14 depth-1\"  >3e. fejezet &#8211; Az \u00e9rz\u00e9kszervek anat\u00f3mi\u00e1ja<\/option><\/select><div class=\"wpforms-field-description\">A fejezet kiv\u00e1laszt\u00e1sa ut\u00e1n megadhatod a hiba pontos hely\u00e9t a jegyzetben (oldalsz\u00e1m), valamint a hiba r\u00f6vid le\u00edr\u00e1s\u00e1t.<\/div><\/div>\t\t<div id=\"wpforms-4090-field_1-container\"\n\t\t\tclass=\"wpforms-field wpforms-field-text\"\n\t\t\tdata-field-type=\"text\"\n\t\t\tdata-field-id=\"1\"\n\t\t\t>\n\t\t\t<label class=\"wpforms-field-label\" for=\"wpforms-4090-field_1\" >hib\u00e1kat? le\u00edr\u00e1sa form\u00e1j\u00e1ban<\/label>\n\t\t\t<input type=\"text\" id=\"wpforms-4090-field_1\" class=\"wpforms-field-medium\" name=\"wpforms[fields][1]\" >\n\t\t<\/div>\n\t\t<div id=\"wpforms-4090-field_6-container\" class=\"wpforms-field wpforms-field-select wpforms-conditional-field wpforms-conditional-show wpforms-conditional-trigger wpforms-field-select-style-classic\" data-field-id=\"6\" style=\"display:none;\"><label class=\"wpforms-field-label\" for=\"wpforms-4090-field_6\">Melyik fejezetben tal\u00e1ltad a hib\u00e1t?<\/label><select id=\"wpforms-4090-field_6\" class=\"wpforms-field-medium\" name=\"wpforms[fields][6]\"><option value=\"\" class=\"placeholder\" disabled  selected='selected'>V\u00e1lassz egyet a list\u00e1b\u00f3l!<\/option><option value=\"1. fejezet - \u00c1ltal\u00e1nos fejl\u0151d\u00e9stan\"  class=\"choice-1 depth-1\"  >1. fejezet &#8211; \u00c1ltal\u00e1nos fejl\u0151d\u00e9stan<\/option><option value=\"2. fejezet - R\u00e9szletes fejl\u0151d\u00e9stan\"  class=\"choice-2 depth-1\"  >2. fejezet &#8211; R\u00e9szletes fejl\u0151d\u00e9stan<\/option><\/select><div class=\"wpforms-field-description\">A fejezet kiv\u00e1laszt\u00e1sa ut\u00e1n megadhatod a hiba pontos hely\u00e9t a jegyzetben (oldalsz\u00e1m), valamint a hiba r\u00f6vid le\u00edr\u00e1s\u00e1t.<\/div><\/div><div id=\"wpforms-4090-field_23-container\" class=\"wpforms-field wpforms-field-radio wpforms-list-inline wpforms-conditional-field wpforms-conditional-show\" data-field-id=\"23\" style=\"display:none;\"><label class=\"wpforms-field-label\">\u00c1br\u00e1n \/ illusztr\u00e1ci\u00f3n tal\u00e1ltad a hib\u00e1t?<\/label><ul id=\"wpforms-4090-field_23\"><li class=\"choice-1 depth-1\"><input type=\"radio\" id=\"wpforms-4090-field_23_1\" name=\"wpforms[fields][23]\" value=\"Igen\"  ><label class=\"wpforms-field-label-inline\" for=\"wpforms-4090-field_23_1\">Igen<\/label><\/li><li class=\"choice-2 depth-1\"><input type=\"radio\" id=\"wpforms-4090-field_23_2\" name=\"wpforms[fields][23]\" value=\"Nem\"  ><label class=\"wpforms-field-label-inline\" for=\"wpforms-4090-field_23_2\">Nem<\/label><\/li><\/ul><\/div><div id=\"wpforms-4090-field_15-container\" class=\"wpforms-field wpforms-field-number wpforms-conditional-field wpforms-conditional-show\" data-field-id=\"15\" style=\"display:none;\"><label class=\"wpforms-field-label\" for=\"wpforms-4090-field_15\">A fejezet melyik oldal\u00e1n tal\u00e1ltad a hib\u00e1t?<\/label><input type=\"number\" id=\"wpforms-4090-field_15\" class=\"wpforms-field-medium\" name=\"wpforms[fields][15]\" step=\"any\" ><div class=\"wpforms-field-description\">K\u00e9rlek, csak egy hib\u00e1t (egy oldalsz\u00e1mot) adj meg egyszerre!<\/div><\/div><div id=\"wpforms-4090-field_16-container\" class=\"wpforms-field wpforms-field-textarea wpforms-conditional-field wpforms-conditional-show wpforms-conditional-trigger\" data-field-id=\"16\" style=\"display:none;\"><label class=\"wpforms-field-label\" for=\"wpforms-4090-field_16\">A hiba le\u00edr\u00e1sa<\/label><textarea id=\"wpforms-4090-field_16\" class=\"wpforms-field-small\" name=\"wpforms[fields][16]\" placeholder=\"Ide \u00edrhatod le a megtal\u00e1lt hib\u00e1t.\" ><\/textarea><div class=\"wpforms-field-description\">Ide \u00edrhatod le a megtal\u00e1lt hib\u00e1t.<\/div><\/div><div id=\"wpforms-4090-field_22-container\" class=\"wpforms-field wpforms-field-radio wpforms-list-inline wpforms-conditional-field wpforms-conditional-show wpforms-conditional-trigger\" data-field-id=\"22\" style=\"display:none;\"><label class=\"wpforms-field-label\">Szeretn\u00e9l m\u00e1sik hib\u00e1t is jelenteni ebb\u0151l a fejezetb\u0151l?<\/label><ul id=\"wpforms-4090-field_22\"><li class=\"choice-1 depth-1\"><input type=\"radio\" id=\"wpforms-4090-field_22_1\" name=\"wpforms[fields][22]\" value=\"Igen\"  ><label class=\"wpforms-field-label-inline\" for=\"wpforms-4090-field_22_1\">Igen<\/label><\/li><li class=\"choice-2 depth-1\"><input type=\"radio\" id=\"wpforms-4090-field_22_2\" name=\"wpforms[fields][22]\" value=\"Nem\"  ><label class=\"wpforms-field-label-inline\" for=\"wpforms-4090-field_22_2\">Nem<\/label><\/li><\/ul><\/div><div id=\"wpforms-4090-field_19-container\" class=\"wpforms-field wpforms-field-number wpforms-conditional-field wpforms-conditional-show\" data-field-id=\"19\" style=\"display:none;\"><label class=\"wpforms-field-label\" for=\"wpforms-4090-field_19\">A fejezet melyik oldal\u00e1n tal\u00e1ltad a hib\u00e1t?<\/label><input type=\"number\" id=\"wpforms-4090-field_19\" class=\"wpforms-field-medium\" name=\"wpforms[fields][19]\" step=\"any\" ><div class=\"wpforms-field-description\">K\u00e9rlek, csak egy hib\u00e1t (egy oldalsz\u00e1mot) adj meg egyszerre!<\/div><\/div><div id=\"wpforms-4090-field_24-container\" class=\"wpforms-field wpforms-field-textarea wpforms-conditional-field wpforms-conditional-show wpforms-conditional-trigger\" data-field-id=\"24\" style=\"display:none;\"><label class=\"wpforms-field-label\" for=\"wpforms-4090-field_24\">A hiba le\u00edr\u00e1sa<\/label><textarea id=\"wpforms-4090-field_24\" class=\"wpforms-field-small\" name=\"wpforms[fields][24]\" placeholder=\"Ide \u00edrhatod le a megtal\u00e1lt hib\u00e1t.\" ><\/textarea><div class=\"wpforms-field-description\">Ide \u00edrhatod le a megtal\u00e1lt hib\u00e1t.<\/div><\/div><div id=\"wpforms-4090-field_28-container\" class=\"wpforms-field wpforms-field-radio wpforms-list-inline wpforms-conditional-field wpforms-conditional-show wpforms-conditional-trigger\" data-field-id=\"28\" style=\"display:none;\"><label class=\"wpforms-field-label\">Szeretn\u00e9l m\u00e1sik hib\u00e1t is jelenteni ebb\u0151l a fejezetb\u0151l?<\/label><ul id=\"wpforms-4090-field_28\"><li class=\"choice-1 depth-1\"><input type=\"radio\" id=\"wpforms-4090-field_28_1\" name=\"wpforms[fields][28]\" value=\"Igen\"  ><label class=\"wpforms-field-label-inline\" for=\"wpforms-4090-field_28_1\">Igen<\/label><\/li><li class=\"choice-2 depth-1\"><input type=\"radio\" id=\"wpforms-4090-field_28_2\" name=\"wpforms[fields][28]\" value=\"Nem\"  ><label class=\"wpforms-field-label-inline\" for=\"wpforms-4090-field_28_2\">Nem<\/label><\/li><\/ul><\/div><div id=\"wpforms-4090-field_29-container\" class=\"wpforms-field wpforms-field-number wpforms-conditional-field wpforms-conditional-show\" data-field-id=\"29\" style=\"display:none;\"><label class=\"wpforms-field-label\" for=\"wpforms-4090-field_29\">A fejezet melyik oldal\u00e1n tal\u00e1ltad a hib\u00e1t?<\/label><input type=\"number\" id=\"wpforms-4090-field_29\" class=\"wpforms-field-medium\" name=\"wpforms[fields][29]\" step=\"any\" ><div class=\"wpforms-field-description\">K\u00e9rlek, csak egy hib\u00e1t (egy oldalsz\u00e1mot) adj meg egyszerre!<\/div><\/div><div id=\"wpforms-4090-field_30-container\" class=\"wpforms-field wpforms-field-textarea wpforms-conditional-field wpforms-conditional-show\" data-field-id=\"30\" style=\"display:none;\"><label class=\"wpforms-field-label\" for=\"wpforms-4090-field_30\">A hiba le\u00edr\u00e1sa<\/label><textarea id=\"wpforms-4090-field_30\" class=\"wpforms-field-small\" name=\"wpforms[fields][30]\" placeholder=\"Ide \u00edrhatod le a megtal\u00e1lt hib\u00e1t.\" ><\/textarea><div class=\"wpforms-field-description\">Ide \u00edrhatod le a megtal\u00e1lt hib\u00e1t.<\/div><\/div><script>\n\t\t\t\t( function() {\n\t\t\t\t\tconst style = document.createElement( 'style' );\n\t\t\t\t\tstyle.appendChild( document.createTextNode( '#wpforms-4090-field_1-container { position: absolute !important; overflow: hidden !important; display: inline !important; height: 1px !important; width: 1px !important; z-index: -1000 !important; padding: 0 !important; } #wpforms-4090-field_1-container input { visibility: hidden; } #wpforms-conversational-form-page #wpforms-4090-field_1-container label { counter-increment: none; }' ) );\n\t\t\t\t\tdocument.head.appendChild( style );\n\t\t\t\t\tdocument.currentScript?.remove();\n\t\t\t\t} )();\n\t\t\t<\/script><\/div><!-- .wpforms-field-container --><div class=\"wpforms-submit-container\" ><input type=\"hidden\" name=\"wpforms[id]\" value=\"4090\"><input type=\"hidden\" name=\"page_title\" value=\"\"><input type=\"hidden\" name=\"page_url\" value=\"https:\/\/anatjegyzet.hu\/index.php?rest_route=\/wp\/v2\/pages\/52\"><input type=\"hidden\" name=\"url_referer\" value=\"\"><button type=\"submit\" name=\"wpforms[submit]\" id=\"wpforms-submit-4090\" class=\"wpforms-submit\" data-alt-text=\"Sending...\" data-submit-text=\"Submit\" aria-live=\"assertive\" value=\"wpforms-submit\">Submit<\/button><img loading=\"lazy\" decoding=\"async\" src=\"https:\/\/anatjegyzet.hu\/wp-content\/plugins\/wpforms\/assets\/images\/submit-spin.svg\" class=\"wpforms-submit-spinner\" style=\"display: none;\" width=\"26\" height=\"26\" alt=\"Loading\"><\/div><\/form><\/div>  <!-- .wpforms-container --><\/div>\r\n<\/div>\r\n\r\n<p>[\/vc_column_text][\/vc_column][\/vc_row]<\/p>","protected":false},"excerpt":{"rendered":"<p>[vc_row][vc_column][vc_column_text] Amennyiben b\u00e1rmilyen k\u00e9rd\u00e9sed lenne term\u00e9keinkkel, szolg\u00e1ltat\u00e1sainkkal kapcsolatban, vagy amennyiben a jegyzetekben tal\u00e1lt hib\u00e1t szeretn\u00e9d bejelenteni, keress minket az al\u00e1bbi form kit\u00f6lt\u00e9s\u00e9vel! Amennyiben t\u00f6bb hib\u00e1t is tal\u00e1lt\u00e1l egy adott jegyzetben, egy .pdf file form\u00e1j\u00e1ban lehet\u0151s\u00e9g van annak felt\u00f6lt\u00e9s\u00e9re is a bejelent\u0151 formon kereszt\u00fcl! \u00a0A hib\u00e1t bejelent\u0151k k\u00f6z\u00f6tt minden t\u00e1rgyh\u00f3t k\u00f6vet\u0151 h\u00f3nap k\u00f6zep\u00e9ig kedvezm\u00e9ny-csomagot sorsolunk ki!&hellip;<\/p>\n","protected":false},"author":1,"featured_media":0,"parent":0,"menu_order":0,"comment_status":"closed","ping_status":"open","template":"","meta":{"footnotes":""},"class_list":["post-52","page","type-page","status-publish","hentry"],"jetpack_sharing_enabled":true,"_links":{"self":[{"href":"https:\/\/anatjegyzet.hu\/index.php?rest_route=\/wp\/v2\/pages\/52","targetHints":{"allow":["GET"]}}],"collection":[{"href":"https:\/\/anatjegyzet.hu\/index.php?rest_route=\/wp\/v2\/pages"}],"about":[{"href":"https:\/\/anatjegyzet.hu\/index.php?rest_route=\/wp\/v2\/types\/page"}],"author":[{"embeddable":true,"href":"https:\/\/anatjegyzet.hu\/index.php?rest_route=\/wp\/v2\/users\/1"}],"replies":[{"embeddable":true,"href":"https:\/\/anatjegyzet.hu\/index.php?rest_route=%2Fwp%2Fv2%2Fcomments&post=52"}],"version-history":[{"count":32,"href":"https:\/\/anatjegyzet.hu\/index.php?rest_route=\/wp\/v2\/pages\/52\/revisions"}],"predecessor-version":[{"id":4322,"href":"https:\/\/anatjegyzet.hu\/index.php?rest_route=\/wp\/v2\/pages\/52\/revisions\/4322"}],"wp:attachment":[{"href":"https:\/\/anatjegyzet.hu\/index.php?rest_route=%2Fwp%2Fv2%2Fmedia&parent=52"}],"curies":[{"name":"wp","href":"https:\/\/api.w.org\/{rel}","templated":true}]}}