{"id":639,"date":"2015-02-04T15:42:08","date_gmt":"2015-02-04T15:42:08","guid":{"rendered":"http:\/\/education.themerex.net\/?page_id=639"},"modified":"2026-01-02T19:43:04","modified_gmt":"2026-01-02T19:43:04","slug":"courses-streampage","status":"publish","type":"page","link":"https:\/\/anatjegyzet.hu\/?page_id=639","title":{"rendered":"Hamarosan"},"content":{"rendered":"<p>[vc_row][vc_column][vc_column_text]<\/p>\r\n\r\n<p class=\"has-text-align-left has-text-align-justify\" style=\"font-size: 17.5px;\">A T\u00fal\u00e9l\u0151k\u00f6nyv sz\u00e9ria folyamatosan b\u0151v\u00fcl a m\u00e9g hi\u00e1nyz\u00f3 t\u00e9mak\u00f6r\u00f6ket t\u00e1rgyal\u00f3 r\u00e9szekkel, valamint a m\u00e1r l\u00e9tez\u0151 T\u00fal\u00e9l\u0151k\u00f6nyv fejezetek is folyamatos meg\u00fajul\u00e1son esnek \u00e1t. Az al\u00e1bbiakban l\u00e1thatod a jelenleg \u00edr\u00e1s \u00e9s illusztr\u00e1l\u00e1s alatt \u00e1ll\u00f3 r\u00e9szeket, valamint a megjelen\u00e9s v\u00e1rhat\u00f3 d\u00e1tum\u00e1t.<\/p>\r\n\r\n\r\n\r\n<div class=\"wp-block-columns is-layout-flex wp-container-core-columns-is-layout-28f84493 wp-block-columns-is-layout-flex\">\r\n<div class=\"wp-block-column is-layout-flow wp-block-column-is-layout-flow\">\r\n<figure class=\"wp-block-image size-large\"><img loading=\"lazy\" decoding=\"async\" width=\"719\" height=\"1024\" class=\"wp-image-5065\" src=\"https:\/\/anatjegyzet.hu\/wp-content\/uploads\/2025\/09\/IMG_5445-719x1024.jpg\" alt=\"\" srcset=\"https:\/\/anatjegyzet.hu\/wp-content\/uploads\/2025\/09\/IMG_5445-719x1024.jpg 719w, https:\/\/anatjegyzet.hu\/wp-content\/uploads\/2025\/09\/IMG_5445-211x300.jpg 211w, https:\/\/anatjegyzet.hu\/wp-content\/uploads\/2025\/09\/IMG_5445-768x1094.jpg 768w, https:\/\/anatjegyzet.hu\/wp-content\/uploads\/2025\/09\/IMG_5445-1078x1536.jpg 1078w, https:\/\/anatjegyzet.hu\/wp-content\/uploads\/2025\/09\/IMG_5445-1438x2048.jpg 1438w, https:\/\/anatjegyzet.hu\/wp-content\/uploads\/2025\/09\/IMG_5445-674x960.jpg 674w, https:\/\/anatjegyzet.hu\/wp-content\/uploads\/2025\/09\/IMG_5445-325x463.jpg 325w, https:\/\/anatjegyzet.hu\/wp-content\/uploads\/2025\/09\/IMG_5445.jpg 1647w\" sizes=\"auto, (max-width: 719px) 100vw, 719px\" \/><\/figure>\r\n<\/div>\r\n\r\n\r\n\r\n<div class=\"wp-block-column is-layout-flow wp-block-column-is-layout-flow\">\r\n<p>&nbsp;<\/p>\r\n\r\n\r\n\r\n<p class=\"has-large-font-size\"><strong>Sz\u00f6vettan T\u00fal\u00e9l\u0151k\u00f6nyv<\/strong><\/p>\r\n\r\n\r\n\r\n<p class=\"has-large-font-size\"><strong>1. fejezet &#8211; Sz\u00f6vettani alapok \u00e9s a sz\u00f6vett\u00edpusok<\/strong><\/p>\r\n\r\n\r\n\r\n<p>A T\u00fal\u00e9l\u0151k\u00f6nyvek eddig hi\u00e1nyz\u00f3 kistestv\u00e9re. Az anat\u00f3mia, valamint a fejl\u0151d\u00e9stan jegyzetekkel kieg\u00e9sz\u00fclve igazi verhetetlen tri\u00f3.<\/p>\r\n\r\n\r\n\r\n<p>Az 1. fejezet az alapvet\u0151 sz\u00f6vettani, metszetk\u00e9sz\u00edt\u00e9si \u00e9s fest\u00e9si technik\u00e1kat, valamint az emberi testben el\u0151fordul\u00f3 alapsz\u00f6veteket t\u00e1rgyalja, illusztr\u00e1ci\u00f3kkal, metszet-szer\u0171 rajzokkal.<\/p>\r\n\r\n\r\n\r\n<p><strong>V\u00e1rhat\u00f3 megjelen\u00e9s:<\/strong> 2026. II. negyed\u00e9v<\/p>\r\n<\/div>\r\n<\/div>\r\n\r\n\r\n<hr class=\"wp-block-separator has-alpha-channel-opacity\" \/>\r\n\r\n\r\n<div class=\"wp-block-columns is-layout-flex wp-container-core-columns-is-layout-28f84493 wp-block-columns-is-layout-flex\">\r\n<div class=\"wp-block-column is-layout-flow wp-block-column-is-layout-flow\">\r\n<figure class=\"wp-block-image size-large\"><img loading=\"lazy\" decoding=\"async\" width=\"720\" height=\"1024\" class=\"wp-image-5061\" src=\"https:\/\/anatjegyzet.hu\/wp-content\/uploads\/2025\/09\/IMG_5412-2-720x1024.jpg\" alt=\"\" srcset=\"https:\/\/anatjegyzet.hu\/wp-content\/uploads\/2025\/09\/IMG_5412-2-720x1024.jpg 720w, https:\/\/anatjegyzet.hu\/wp-content\/uploads\/2025\/09\/IMG_5412-2-211x300.jpg 211w, https:\/\/anatjegyzet.hu\/wp-content\/uploads\/2025\/09\/IMG_5412-2-768x1093.jpg 768w, https:\/\/anatjegyzet.hu\/wp-content\/uploads\/2025\/09\/IMG_5412-2-1080x1536.jpg 1080w, https:\/\/anatjegyzet.hu\/wp-content\/uploads\/2025\/09\/IMG_5412-2-1440x2048.jpg 1440w, https:\/\/anatjegyzet.hu\/wp-content\/uploads\/2025\/09\/IMG_5412-2-675x960.jpg 675w, https:\/\/anatjegyzet.hu\/wp-content\/uploads\/2025\/09\/IMG_5412-2-325x462.jpg 325w, https:\/\/anatjegyzet.hu\/wp-content\/uploads\/2025\/09\/IMG_5412-2.jpg 1647w\" sizes=\"auto, (max-width: 720px) 100vw, 720px\" \/><\/figure>\r\n<\/div>\r\n\r\n\r\n\r\n<div class=\"wp-block-column is-layout-flow wp-block-column-is-layout-flow\">\r\n<p class=\"has-large-font-size\"><strong>Sz\u00f6vettan T\u00fal\u00e9l\u0151k\u00f6nyv<\/strong><\/p>\r\n\r\n\r\n\r\n<p class=\"has-large-font-size\"><strong>2. fejezet &#8211; A bels\u0151 szervek sz\u00f6vettana<\/strong><\/p>\r\n\r\n\r\n\r\n<p>A T\u00fal\u00e9l\u0151k\u00f6nyvek eddig hi\u00e1nyz\u00f3 kistestv\u00e9re. Az anat\u00f3mia, valamint a fejl\u0151d\u00e9stan jegyzetekkel kieg\u00e9sz\u00fclve igazi verhetetlen tri\u00f3.<\/p>\r\n\r\n\r\n\r\n<p>A 2. fejezet az egyes bels\u0151 szervek komplex sz\u00f6vettan\u00e1t t\u00e1rgyalja, illusztr\u00e1ci\u00f3kkal, metszet-szer\u0171 rajzokkal.<\/p>\r\n\r\n\r\n\r\n<p><strong>V\u00e1rhat\u00f3 megjelen\u00e9s:<\/strong> 2026. III. negyed\u00e9v<\/p>\r\n<\/div>\r\n<\/div>\r\n\r\n\r\n<hr class=\"wp-block-separator has-alpha-channel-opacity\" \/>\r\n\r\n\r\n<div class=\"wp-block-columns is-layout-flex wp-container-core-columns-is-layout-28f84493 wp-block-columns-is-layout-flex\">\r\n<div class=\"wp-block-column is-layout-flow wp-block-column-is-layout-flow\">\r\n<figure class=\"wp-block-image size-large\"><img loading=\"lazy\" decoding=\"async\" width=\"721\" height=\"1024\" class=\"wp-image-5062\" src=\"https:\/\/anatjegyzet.hu\/wp-content\/uploads\/2025\/09\/IMG_5413-2-721x1024.jpg\" alt=\"\" srcset=\"https:\/\/anatjegyzet.hu\/wp-content\/uploads\/2025\/09\/IMG_5413-2-721x1024.jpg 721w, https:\/\/anatjegyzet.hu\/wp-content\/uploads\/2025\/09\/IMG_5413-2-211x300.jpg 211w, https:\/\/anatjegyzet.hu\/wp-content\/uploads\/2025\/09\/IMG_5413-2-768x1091.jpg 768w, https:\/\/anatjegyzet.hu\/wp-content\/uploads\/2025\/09\/IMG_5413-2-1082x1536.jpg 1082w, https:\/\/anatjegyzet.hu\/wp-content\/uploads\/2025\/09\/IMG_5413-2-1442x2048.jpg 1442w, https:\/\/anatjegyzet.hu\/wp-content\/uploads\/2025\/09\/IMG_5413-2-676x960.jpg 676w, https:\/\/anatjegyzet.hu\/wp-content\/uploads\/2025\/09\/IMG_5413-2-325x462.jpg 325w, https:\/\/anatjegyzet.hu\/wp-content\/uploads\/2025\/09\/IMG_5413-2.jpg 1650w\" sizes=\"auto, (max-width: 721px) 100vw, 721px\" \/><\/figure>\r\n<\/div>\r\n\r\n\r\n\r\n<div class=\"wp-block-column is-layout-flow wp-block-column-is-layout-flow\">\r\n<p class=\"has-large-font-size\"><strong>Sz\u00f6vettan T\u00fal\u00e9l\u0151k\u00f6nyv<\/strong><\/p>\r\n\r\n\r\n\r\n<p class=\"has-large-font-size\"><strong>3. fejezet &#8211; Idegrendszeri \u00e9s neuroendokrin sz\u00f6vettan <\/strong><\/p>\r\n\r\n\r\n\r\n<p>A T\u00fal\u00e9l\u0151k\u00f6nyvek eddig hi\u00e1nyz\u00f3 kistestv\u00e9re. Az anat\u00f3mia, valamint a fejl\u0151d\u00e9stan jegyzetekkel kieg\u00e9sz\u00fclve igazi verhetetlen tri\u00f3.<\/p>\r\n\r\n\r\n\r\n<p>A Sz\u00f6vettan T\u00fal\u00e9l\u0151k\u00f6nyv 3. fejezete t\u00e1rgyalja a k\u00f6zponti idegrendszer, valamint az egyes endokrin szervek, illetve az \u00e9rz\u00e9kszervek komplex sz\u00f6vettan\u00e1t, illusztr\u00e1ci\u00f3kkal, metszet-szer\u0171 rajzokkal.<\/p>\r\n\r\n\r\n\r\n<p><strong>V\u00e1rhat\u00f3 megjelen\u00e9s:<\/strong> 2026. IV. negyed\u00e9v<\/p>\r\n<\/div>\r\n<\/div>\r\n\r\n\r\n<hr class=\"wp-block-separator has-alpha-channel-opacity\" \/>\r\n\r\n\r\n<div class=\"wp-block-columns is-layout-flex wp-container-core-columns-is-layout-28f84493 wp-block-columns-is-layout-flex\">\r\n<div class=\"wp-block-column is-layout-flow wp-block-column-is-layout-flow\">\r\n<figure class=\"wp-block-image size-large\"><img loading=\"lazy\" decoding=\"async\" width=\"725\" height=\"1024\" class=\"wp-image-5063\" src=\"https:\/\/anatjegyzet.hu\/wp-content\/uploads\/2025\/09\/IMG_5442-725x1024.jpg\" alt=\"\" srcset=\"https:\/\/anatjegyzet.hu\/wp-content\/uploads\/2025\/09\/IMG_5442-725x1024.jpg 725w, https:\/\/anatjegyzet.hu\/wp-content\/uploads\/2025\/09\/IMG_5442-212x300.jpg 212w, https:\/\/anatjegyzet.hu\/wp-content\/uploads\/2025\/09\/IMG_5442-768x1085.jpg 768w, https:\/\/anatjegyzet.hu\/wp-content\/uploads\/2025\/09\/IMG_5442-1087x1536.jpg 1087w, https:\/\/anatjegyzet.hu\/wp-content\/uploads\/2025\/09\/IMG_5442-679x960.jpg 679w, https:\/\/anatjegyzet.hu\/wp-content\/uploads\/2025\/09\/IMG_5442-325x459.jpg 325w, https:\/\/anatjegyzet.hu\/wp-content\/uploads\/2025\/09\/IMG_5442.jpg 1164w\" sizes=\"auto, (max-width: 725px) 100vw, 725px\" \/><\/figure>\r\n<\/div>\r\n\r\n\r\n\r\n<div class=\"wp-block-column is-layout-flow wp-block-column-is-layout-flow\">\r\n<p class=\"has-large-font-size\"><strong>Sz\u00f6vettan T\u00fal\u00e9l\u0151k\u00f6nyv<\/strong> &#8211; a teljes jegyzet<\/p>\r\n\r\n\r\n\r\n<p>A T\u00fal\u00e9l\u0151k\u00f6nyvek eddig hi\u00e1nyz\u00f3 kistestv\u00e9re. Az anat\u00f3mia, valamint a fejl\u0151d\u00e9stan jegyzetekkel kieg\u00e9sz\u00fclve igazi verhetetlen tri\u00f3.<\/p>\r\n\r\n\r\n\r\n<p>A Sz\u00f6vettan T\u00fal\u00e9l\u0151k\u00f6nyv nem \u00f6n\u00e1ll\u00f3 jegyzet, hanem mindh\u00e1rom fejezetet tartalmaz\u00f3 jegyzetcsomag.<\/p>\r\n\r\n\r\n\r\n<p><strong>V\u00e1rhat\u00f3 megjelen\u00e9s:<\/strong> 2026. IV. negyed\u00e9v<\/p>\r\n<\/div>\r\n<\/div>\r\n","protected":false},"excerpt":{"rendered":"<p>[vc_row][vc_column][vc_column_text] A T\u00fal\u00e9l\u0151k\u00f6nyv sz\u00e9ria folyamatosan b\u0151v\u00fcl a m\u00e9g hi\u00e1nyz\u00f3 t\u00e9mak\u00f6r\u00f6ket t\u00e1rgyal\u00f3 r\u00e9szekkel, valamint a m\u00e1r l\u00e9tez\u0151 T\u00fal\u00e9l\u0151k\u00f6nyv fejezetek is folyamatos meg\u00fajul\u00e1son esnek \u00e1t. Az al\u00e1bbiakban l\u00e1thatod a jelenleg \u00edr\u00e1s \u00e9s illusztr\u00e1l\u00e1s alatt \u00e1ll\u00f3 r\u00e9szeket, valamint a megjelen\u00e9s v\u00e1rhat\u00f3 d\u00e1tum\u00e1t. &nbsp; Sz\u00f6vettan T\u00fal\u00e9l\u0151k\u00f6nyv 1. fejezet &#8211; Sz\u00f6vettani alapok \u00e9s a sz\u00f6vett\u00edpusok A T\u00fal\u00e9l\u0151k\u00f6nyvek eddig hi\u00e1nyz\u00f3 kistestv\u00e9re.&hellip;<\/p>\n","protected":false},"author":1,"featured_media":0,"parent":0,"menu_order":0,"comment_status":"closed","ping_status":"closed","template":"","meta":{"footnotes":""},"class_list":["post-639","page","type-page","status-publish","hentry"],"jetpack_sharing_enabled":true,"_links":{"self":[{"href":"https:\/\/anatjegyzet.hu\/index.php?rest_route=\/wp\/v2\/pages\/639","targetHints":{"allow":["GET"]}}],"collection":[{"href":"https:\/\/anatjegyzet.hu\/index.php?rest_route=\/wp\/v2\/pages"}],"about":[{"href":"https:\/\/anatjegyzet.hu\/index.php?rest_route=\/wp\/v2\/types\/page"}],"author":[{"embeddable":true,"href":"https:\/\/anatjegyzet.hu\/index.php?rest_route=\/wp\/v2\/users\/1"}],"replies":[{"embeddable":true,"href":"https:\/\/anatjegyzet.hu\/index.php?rest_route=%2Fwp%2Fv2%2Fcomments&post=639"}],"version-history":[{"count":158,"href":"https:\/\/anatjegyzet.hu\/index.php?rest_route=\/wp\/v2\/pages\/639\/revisions"}],"predecessor-version":[{"id":5317,"href":"https:\/\/anatjegyzet.hu\/index.php?rest_route=\/wp\/v2\/pages\/639\/revisions\/5317"}],"wp:attachment":[{"href":"https:\/\/anatjegyzet.hu\/index.php?rest_route=%2Fwp%2Fv2%2Fmedia&parent=639"}],"curies":[{"name":"wp","href":"https:\/\/api.w.org\/{rel}","templated":true}]}}