{"id":2452,"date":"2020-10-29T14:34:05","date_gmt":"2020-10-29T14:34:05","guid":{"rendered":"http:\/\/anatjegyzet.hu\/?post_type=product&#038;p=2452"},"modified":"2025-12-07T21:55:08","modified_gmt":"2025-12-07T21:55:08","slug":"a-kozponti-idegrendszer-mikroszkopiaja","status":"publish","type":"product","link":"https:\/\/anatjegyzet.hu\/?product=a-kozponti-idegrendszer-mikroszkopiaja","title":{"rendered":"3b. fejezet &#8211; A k\u00f6zponti idegrendszer mikroszk\u00f3pi\u00e1ja (2025)"},"content":{"rendered":"<p style=\"font-weight: 400;\"><a name=\"_Toc216020638\"><\/a><strong>Az idegrendszer \u00e1ltal\u00e1nos mikroszk\u00f3pi\u00e1ja<\/strong><\/p>\n<p style=\"font-weight: 400;\">A fejezetben legel\u0151sz\u00f6r \u00e1ltal\u00e1noss\u00e1gban besz\u00e9l\u00fcnk az idegrendszer sejtjeir\u0151l, valamint azok kapcsolatair\u00f3l. Ezt k\u00f6veti a gerincvel\u0151, az agyt\u00f6rzs &#8211; mely t\u00e9rs\u00e9geket metszeteiken kereszt\u00fcl ismerj\u00fck meg -, valamint a kisagy \u00e9s a diencephalon mikroszk\u00f3pos szerkezet\u00e9nek t\u00e1rgyal\u00e1sa. Ezek ut\u00e1n a v\u00e9gagy mikroszk\u00f3pos fel\u00e9p\u00edt\u00e9s\u00e9vel, valamint az egyes funkcion\u00e1lis rendszerekkel ismerked\u00fcnk meg. A l\u00e1t\u00f3 \u00e9s hall\u00f3szervhez tartoz\u00f3 p\u00e1ly\u00e1kat Az \u00e9rz\u00e9kszervek anat\u00f3mi\u00e1ja c. fejezetben r\u00e9szletezz\u00fck, m\u00edg az egyes reflexeket r\u00e9szben itt, r\u00e9szben a perif\u00e9ri\u00e1s, illetve vegetat\u00edv idegrendszern\u00e9l vessz\u00fck szem\u00fcgyre.<\/p>\n<p style=\"font-weight: 400;\"><strong>Az idegrendszert fel\u00e9p\u00edt\u0151 sejtek<\/strong><\/p>\n<p>Mind a <strong>k\u00f6zponti<\/strong>-, mind a <strong>perif\u00e9ri\u00e1s idegrendszer<\/strong> k\u00e9t alapvet\u0151 sejtt\u00edpusb\u00f3l, az <strong>idegsejt<\/strong>ekb\u0151l (<strong>neuron<\/strong>) \u00e9s a <strong>gliasejt<\/strong>ekb\u0151l \u00e9p\u00fcl fel. Az <strong>idegsejt<\/strong>eket sz\u00e1mtalan m\u00f3don csoportos\u00edthatjuk, melyek k\u00f6z\u00fcl k\u00e9t \u00a0els\u0151dleges rendszer a sejtek testen bel\u00fcli helyzet\u00e9re, valamint a sejtek alakj\u00e1ra, ny\u00falv\u00e1nyaik sz\u00e1m\u00e1ra, szerkezet\u00e9re \u00e9p\u00fcl.<\/p>\n<p>Elhelyezked\u00e9s szerint megk\u00fcl\u00f6nb\u00f6ztethetj\u00fck a k\u00f6zponti idegrendszeri (<strong>centr\u00e1lis neuron<\/strong>), valamint a perif\u00e9ri\u00e1s idegrendszeri (<strong>perif\u00e9ri\u00e1s neuron<\/strong>) idegsejteket<\/p>\n<p>Alak szerint megk\u00fcl\u00f6nb\u00f6ztetj\u00fck a <strong>multipol\u00e1ris neuron<\/strong>okat, melyek <strong>sejttest<\/strong>\u00fckb\u0151l (<strong>perikaryon<\/strong>) sz\u00e1mtalan r\u00f6videbb (<strong>dendrit<\/strong>) \u00e9s \u00e1ltal\u00e1ban egy hosszabb (<strong>axon<\/strong>) ny\u00falv\u00e1nyt bocs\u00e1tanak ki. Megtal\u00e1ljuk \u0151ket a <strong>k\u00f6zponti idegrendszer<\/strong> ter\u00fclet\u00e9n, valamint a <strong>perif\u00e9ri\u00e1s idegrendszer<\/strong> <strong>vegetat\u00edv d\u00fac<\/strong>aiban. Speci\u00e1lis <strong>multipol\u00e1ris neuron<\/strong>ok p\u00e9ld\u00e1ul a nagyagyk\u00e9regben elhelyezked\u0151 <strong>pyramis-sejt<\/strong>ek, vagy a kisagyk\u00e9reg <strong>Purkinje-sejt<\/strong>jei.<\/p>\n<p>A k\u00e9t, a sejttestt\u0151l ellenkez\u0151 ir\u00e1nyba fut\u00f3 axonnal rendelkez\u0151 sejtek k\u00f6z\u00f6tt megk\u00fcl\u00f6nb\u00f6ztetj\u00fck a <strong>bipolaris<\/strong>-, valamint a <strong>pseudounipolaris idegsejt<\/strong>eket.<\/p>\n","protected":false},"excerpt":{"rendered":"<p style=\"font-weight: 400;\">A k\u00f6zponti idegrendszer mikroszk\u00f3pi\u00e1ja a legels\u0151 T\u00fal\u00e9l\u0151k\u00f6nyv fejezetek egyike, mely eredeti verzi\u00f3ja 2017-ben l\u00e1tott napvil\u00e1got. Itt volt teh\u00e1t az ideje, hogy \u2013 nem csak \u00e1br\u00e1iban -, de nyelvezet\u00e9ben, tud\u00e1sanyag\u00e1ban is meg\u00fajuljon.<\/p>\n<p>A fejezetben legel\u0151sz\u00f6r \u00e1ltal\u00e1noss\u00e1gban a neuronok \u00e9s glia sejtek ker\u00fclnek t\u00e1rgyal\u00e1sra, majd r\u00e9szletesen a gerincvel\u0151, illetve az agyt\u00f6rzs metszetei, valamint a kisagy \u00e9s a thalamus szerkezete. Ezek ut\u00e1n a v\u00e9gagy mikroszk\u00f3pos fel\u00e9p\u00edt\u00e9s\u00e9vel, a basalis ganglionokkal \u00e9s a kapcsolataikkal ismerked\u00fcnk meg, v\u00e9gezet\u00fcl t\u00e1rgyaljuk az egyes p\u00e1ly\u00e1kat teljes hosszukban. A l\u00e1t\u00f3 \u00e9s hall\u00f3szervhez tartoz\u00f3 p\u00e1ly\u00e1kat az \u00e9rz\u00e9kszerv ismertet\u00e9se sor\u00e1n, a reflexeket pedig r\u00e9szben itt, r\u00e9szben a perif\u00e9ri\u00e1s, illetve vegetat\u00edv idegrendszern\u00e9l ismertetj\u00fck.<\/p>\n","protected":false},"featured_media":5233,"comment_status":"open","ping_status":"closed","template":"","meta":[],"product_brand":[],"product_cat":[220,223],"product_tag":[182,179],"class_list":{"0":"post-2452","1":"product","2":"type-product","3":"status-publish","4":"has-post-thumbnail","6":"product_cat-anatomia-tulelokonyv","7":"product_cat-az-idegrendszer-anatomiajat-targyalo-fejezetek","8":"product_tag-idegrendszer","9":"product_tag-mikroszkopos-anatomia-2","11":"first","12":"instock","13":"downloadable","14":"virtual","15":"purchasable","16":"product-type-simple"},"jetpack_sharing_enabled":true,"_links":{"self":[{"href":"https:\/\/anatjegyzet.hu\/index.php?rest_route=\/wp\/v2\/product\/2452","targetHints":{"allow":["GET"]}}],"collection":[{"href":"https:\/\/anatjegyzet.hu\/index.php?rest_route=\/wp\/v2\/product"}],"about":[{"href":"https:\/\/anatjegyzet.hu\/index.php?rest_route=\/wp\/v2\/types\/product"}],"replies":[{"embeddable":true,"href":"https:\/\/anatjegyzet.hu\/index.php?rest_route=%2Fwp%2Fv2%2Fcomments&post=2452"}],"wp:featuredmedia":[{"embeddable":true,"href":"https:\/\/anatjegyzet.hu\/index.php?rest_route=\/wp\/v2\/media\/5233"}],"wp:attachment":[{"href":"https:\/\/anatjegyzet.hu\/index.php?rest_route=%2Fwp%2Fv2%2Fmedia&parent=2452"}],"wp:term":[{"taxonomy":"product_brand","embeddable":true,"href":"https:\/\/anatjegyzet.hu\/index.php?rest_route=%2Fwp%2Fv2%2Fproduct_brand&post=2452"},{"taxonomy":"product_cat","embeddable":true,"href":"https:\/\/anatjegyzet.hu\/index.php?rest_route=%2Fwp%2Fv2%2Fproduct_cat&post=2452"},{"taxonomy":"product_tag","embeddable":true,"href":"https:\/\/anatjegyzet.hu\/index.php?rest_route=%2Fwp%2Fv2%2Fproduct_tag&post=2452"}],"curies":[{"name":"wp","href":"https:\/\/api.w.org\/{rel}","templated":true}]}}