{"id":3256,"date":"2022-01-02T18:10:43","date_gmt":"2022-01-02T18:10:43","guid":{"rendered":"https:\/\/anatjegyzet.hu\/?post_type=product&#038;p=3256"},"modified":"2025-08-28T14:24:00","modified_gmt":"2025-08-28T14:24:00","slug":"jegyzetcsomag-2-a-belso-szervek-anatomiaja","status":"publish","type":"product","link":"https:\/\/anatjegyzet.hu\/?product=jegyzetcsomag-2-a-belso-szervek-anatomiaja","title":{"rendered":"2. r\u00e9sz &#8211; A bels\u0151 szervek anat\u00f3mi\u00e1ja"},"content":{"rendered":"","protected":false},"excerpt":{"rendered":"<p>A bels\u0151 szervek anat\u00f3mi\u00e1j\u00e1t t\u00e1rgyal\u00f3 r\u00e9sz nem \u00f6n\u00e1ll\u00f3 jegyzet, hanem az al\u00e1bbi alfejezetekb\u0151l \u00f6ssze\u00e1ll\u00f3 jegyzetcsomag:<\/p>\n<ul>\n<li>2a. fejezet &#8211; A l\u00e9gz\u0151rendszer anat\u00f3mi\u00e1ja<\/li>\n<li>2b. fejezet &#8211; A kering\u00e9si rendszer anat\u00f3mi\u00e1ja<\/li>\n<li>2c. fejezet &#8211; Az em\u00e9szt\u0151rendszer anat\u00f3mi\u00e1ja<\/li>\n<li>2d. fejezet &#8211; Az urogenitalis rendszer anat\u00f3mi\u00e1ja<\/li>\n<\/ul>\n<p>A gyorsabb el\u00e9rhet\u0151s\u00e9g \u00e9rdek\u00e9ben a jegyzetcsomaghoz tartoz\u00f3 egyes alfejezetek a megv\u00e1s\u00e1rl\u00e1s ut\u00e1n egyes\u00e9vel t\u00f6lthet\u0151ek le.<\/p>\n<p>Az urogenitalis rendszer anat\u00f3mi\u00e1ja c. fejezet tartalmazza mindk\u00e9t nem szervrendszer\u00e9nek le\u00edr\u00e1s\u00e1t.<\/p>\n","protected":false},"featured_media":3257,"comment_status":"open","ping_status":"closed","template":"","meta":[],"product_brand":[],"product_cat":[220,224],"product_tag":[194,177,178,183],"class_list":{"0":"post-3256","1":"product","2":"type-product","3":"status-publish","4":"has-post-thumbnail","6":"product_cat-anatomia-tulelokonyv","7":"product_cat-teljes-tulelokonyv-reszek","8":"product_tag-jegyzetcsomag","9":"product_tag-makroszkopos-anatomia-1","10":"product_tag-makroszkopos-anatomia-2","11":"product_tag-zsigertan","13":"first","14":"instock","15":"downloadable","16":"virtual","17":"purchasable","18":"product-type-simple"},"jetpack_sharing_enabled":true,"_links":{"self":[{"href":"https:\/\/anatjegyzet.hu\/index.php?rest_route=\/wp\/v2\/product\/3256","targetHints":{"allow":["GET"]}}],"collection":[{"href":"https:\/\/anatjegyzet.hu\/index.php?rest_route=\/wp\/v2\/product"}],"about":[{"href":"https:\/\/anatjegyzet.hu\/index.php?rest_route=\/wp\/v2\/types\/product"}],"replies":[{"embeddable":true,"href":"https:\/\/anatjegyzet.hu\/index.php?rest_route=%2Fwp%2Fv2%2Fcomments&post=3256"}],"wp:featuredmedia":[{"embeddable":true,"href":"https:\/\/anatjegyzet.hu\/index.php?rest_route=\/wp\/v2\/media\/3257"}],"wp:attachment":[{"href":"https:\/\/anatjegyzet.hu\/index.php?rest_route=%2Fwp%2Fv2%2Fmedia&parent=3256"}],"wp:term":[{"taxonomy":"product_brand","embeddable":true,"href":"https:\/\/anatjegyzet.hu\/index.php?rest_route=%2Fwp%2Fv2%2Fproduct_brand&post=3256"},{"taxonomy":"product_cat","embeddable":true,"href":"https:\/\/anatjegyzet.hu\/index.php?rest_route=%2Fwp%2Fv2%2Fproduct_cat&post=3256"},{"taxonomy":"product_tag","embeddable":true,"href":"https:\/\/anatjegyzet.hu\/index.php?rest_route=%2Fwp%2Fv2%2Fproduct_tag&post=3256"}],"curies":[{"name":"wp","href":"https:\/\/api.w.org\/{rel}","templated":true}]}}