{"id":3784,"date":"2022-06-09T08:28:42","date_gmt":"2022-06-09T08:28:42","guid":{"rendered":"https:\/\/anatjegyzet.hu\/?post_type=product&#038;p=3784"},"modified":"2025-08-28T14:25:04","modified_gmt":"2025-08-28T14:25:04","slug":"3c-fejezet-a-periferias-idegrendszer-anatomiaja","status":"publish","type":"product","link":"https:\/\/anatjegyzet.hu\/?product=3c-fejezet-a-periferias-idegrendszer-anatomiaja","title":{"rendered":"3c. fejezet \u2013 A perif\u00e9ri\u00e1s idegrendszer anat\u00f3mi\u00e1ja"},"content":{"rendered":"<p style=\"font-weight: 400;\"><a name=\"_Toc105529681\"><\/a><strong>A perif\u00e9ri\u00e1s idegrendszerr\u0151l \u00e1ltal\u00e1noss\u00e1gban<\/strong><\/p>\n<p style=\"font-weight: 400;\">A perif\u00e9ri\u00e1s idegrendszer tulajdonk\u00e9ppen nem m\u00e1s, mint az agyban, valamint a gerincvel\u0151ben \u00fcl\u0151 <em>mozgat\u00f3<\/em>&#8211; \u00e9s <em>preganglionaris vegetat\u00edv idegsejtek<\/em> (centr\u00e1lis vegetat\u00edv idegsejtek), az \u00e9rz\u0151d\u00facokban \u00fcl\u0151 <em>pseudounipolaris \u00e9rz\u0151 idegsejtek<\/em>, valamint a vegetat\u00edv d\u00facokban \u00fcl\u0151 <em>(post)ganglionaris vegetat\u00edv idegsejtek<\/em><a href=\"applewebdata:\/\/688D494F-EEF5-4A88-A500-F2461E2AF015#_ftn1\" name=\"_ftnref1\">[1]<\/a> axonjaib\u00f3l \u00e1ll\u00f3 k\u00f6tegek (idegek) rendszere, melyekhez maguk a d\u00facok (<strong>\u00e9rz\u0151<\/strong>&#8211; \u00e9s <strong>vegetat\u00edv d\u00facok<\/strong>) is hozz\u00e1tartoznak. Mivel a helyzet szerinti feloszt\u00e1s (<strong>k\u00f6zponti<\/strong>&#8211; \u00e9s <strong>perif\u00e9ri\u00e1s idegrendszer<\/strong>) mellett a funkcion\u00e1lis feloszt\u00e1st (<strong>motoros<\/strong>-, <strong>sensoros<\/strong>&#8211; \u00e9s <strong>auton\u00f3m idegrendszer<\/strong>) is fontos figyelembe venni, jelen fejezetben b\u00e1r egys\u00e9gesen t\u00e1rgyaljuk a <strong>perif\u00e9ri\u00e1s idegrendszer<\/strong>t, az ezt k\u00f6vet\u0151 fejezetet k\u00fcl\u00f6n az auton\u00f3m idegrendszernek szentelj\u00fck majd.<\/p>\n<p style=\"font-weight: 400;\">A fejezetben el\u0151sz\u00f6r sorra vessz\u00fck az agyidegeket, kil\u00e9p\u00e9si helyeiket, valamint \u00e1grendszer\u00fcket, illetve az egyes \u00e1gakat alkot\u00f3 axonok tulajdons\u00e1gait (milyen t\u00edpus\u00faak az adott ideg\u00e1gak) \u00e9s a hozz\u00e1juk tartoz\u00f3 agyidegmagokat. Tanul\u00e1s sor\u00e1n is c\u00e9lszer\u0171 ezt a met\u00f3dust k\u00f6vetni: el\u0151sz\u00f6r \u00e9rdemes begyakorolni az adott ideg \u00e1gainak nev\u00e9t \u00e9s oszl\u00e1si sorrendj\u00e9t, majd ha ez m\u00e1r magabiztosan megy, akkor \u00e9rdemes szem\u00fcgyre venni hogy az adott \u00e1gak milyen t\u00edpus\u00fa axonokb\u00f3l \u00e1llnak \u00f6ssze, illetve hogy pontosan hol tal\u00e1ljuk az adott \u00e1gba axont bocs\u00e1t\u00f3 neuront.<\/p>\n<p style=\"font-weight: 400;\">Ut\u00f3bbi az\u00e9rt fontos, mert \u00e1ltal\u00e1noss\u00e1gban elmondhat\u00f3, hogy egy adott ideg lehet tiszt\u00e1n mozgat\u00f3, vagy tiszt\u00e1n \u00e9rz\u0151, ugyanakkor test\u00fcnk legt\u00f6bb ideg\u00e1ga mind motoros-, mind sensoros axonokat tartalmaz, \u00edgy kevert idegnek tekintend\u0151. Adott ideg\u00e1g s\u00e9r\u00fcl\u00e9sekor a l\u00e1tott t\u00fcnetet az fogja meghat\u00e1rozni, hogy milyen t\u00edpus\u00fa axonokat tartalmaz.<\/p>\n<p>&nbsp;<\/p>\n<p>_______________________________<\/p>\n<p><a href=\"applewebdata:\/\/688D494F-EEF5-4A88-A500-F2461E2AF015#_ftnref1\" name=\"_ftn1\">[1]<\/a> Val\u00f3j\u00e1ban ezek a ganglionokban \u00fcl\u0151, perif\u00e9ri\u00e1s vegetat\u00edv neuronok (teh\u00e1t ganglionaris neuronok), de valami\u00e9rt a <u>postganglionaris<\/u> neuron kifejez\u00e9s terjedt el &#8211; ez\u00e9rt a z\u00e1r\u00f3jeles forma. Az ezen neuronokat ell\u00e1t\u00f3 preganglionaris vegetat\u00edv idegsejtek a centralis vegetat\u00edv neuronok (teh\u00e1t m\u00e9g az agyban vagy gerincvel\u0151ben foglalnak helyet).<\/p>\n<p>&nbsp;<\/p>\n","protected":false},"excerpt":{"rendered":"<p>A perif\u00e9ri\u00e1s idegrendszer anat\u00f3mi\u00e1ja c. fejezetben t\u00e1rgyal\u00e1sra ker\u00fclnek\u00a0az emberi szervezet idegei: el\u0151sz\u00f6r az agyidegek makroszk\u00f3pi\u00e1ja (agyi \u00e9s koponyai kil\u00e9p\u00e9s, \u00e1grendszer), majd mikroszk\u00f3pi\u00e1ja (magjaik, az egyes \u00e1gak mikroszkopikus, funkcion\u00e1lis \u00f6sszet\u00e9tele), illetve ezt k\u00f6vet\u0151en a test t\u00f6bbi r\u00e9sz\u00e9t ell\u00e1t\u00f3 gerincvel\u0151 idegekb\u0151l kialakul\u00f3 rendszer.<\/p>\n<p>A fejezet r\u00e9szben \u00faj anyagr\u00e9szeket t\u00e1rgyal (agyidegek), r\u00e9szben egys\u00e9ges rendszerbe foglalja a kor\u00e1bbi fejezetekben (v\u00e9gtagok, t\u00f6rzs) megismert idegeket.<\/p>\n","protected":false},"featured_media":3785,"comment_status":"open","ping_status":"closed","template":"","meta":[],"product_brand":[],"product_cat":[220,223],"product_tag":[182,178,179,209],"class_list":{"0":"post-3784","1":"product","2":"type-product","3":"status-publish","4":"has-post-thumbnail","6":"product_cat-anatomia-tulelokonyv","7":"product_cat-az-idegrendszer-anatomiajat-targyalo-fejezetek","8":"product_tag-idegrendszer","9":"product_tag-makroszkopos-anatomia-2","10":"product_tag-mikroszkopos-anatomia-2","11":"product_tag-periferias-idegrendszer","13":"first","14":"instock","15":"downloadable","16":"virtual","17":"purchasable","18":"product-type-simple"},"jetpack_sharing_enabled":true,"_links":{"self":[{"href":"https:\/\/anatjegyzet.hu\/index.php?rest_route=\/wp\/v2\/product\/3784","targetHints":{"allow":["GET"]}}],"collection":[{"href":"https:\/\/anatjegyzet.hu\/index.php?rest_route=\/wp\/v2\/product"}],"about":[{"href":"https:\/\/anatjegyzet.hu\/index.php?rest_route=\/wp\/v2\/types\/product"}],"replies":[{"embeddable":true,"href":"https:\/\/anatjegyzet.hu\/index.php?rest_route=%2Fwp%2Fv2%2Fcomments&post=3784"}],"wp:featuredmedia":[{"embeddable":true,"href":"https:\/\/anatjegyzet.hu\/index.php?rest_route=\/wp\/v2\/media\/3785"}],"wp:attachment":[{"href":"https:\/\/anatjegyzet.hu\/index.php?rest_route=%2Fwp%2Fv2%2Fmedia&parent=3784"}],"wp:term":[{"taxonomy":"product_brand","embeddable":true,"href":"https:\/\/anatjegyzet.hu\/index.php?rest_route=%2Fwp%2Fv2%2Fproduct_brand&post=3784"},{"taxonomy":"product_cat","embeddable":true,"href":"https:\/\/anatjegyzet.hu\/index.php?rest_route=%2Fwp%2Fv2%2Fproduct_cat&post=3784"},{"taxonomy":"product_tag","embeddable":true,"href":"https:\/\/anatjegyzet.hu\/index.php?rest_route=%2Fwp%2Fv2%2Fproduct_tag&post=3784"}],"curies":[{"name":"wp","href":"https:\/\/api.w.org\/{rel}","templated":true}]}}