{"id":3848,"date":"2022-07-16T21:52:07","date_gmt":"2022-07-16T21:52:07","guid":{"rendered":"https:\/\/anatjegyzet.hu\/?post_type=product&#038;p=3848"},"modified":"2025-08-28T14:25:18","modified_gmt":"2025-08-28T14:25:18","slug":"3d-fejezet-a-vegetativ-idegrendszer-es-az-endokrin-szervek-anatomiaja","status":"publish","type":"product","link":"https:\/\/anatjegyzet.hu\/?product=3d-fejezet-a-vegetativ-idegrendszer-es-az-endokrin-szervek-anatomiaja","title":{"rendered":"3d. fejezet \u2013 A vegetat\u00edv idegrendszer \u00e9s az endokrin szervek anat\u00f3mi\u00e1ja"},"content":{"rendered":"<p style=\"font-weight: 400;\"><a name=\"_Toc108907786\"><\/a><a name=\"_Toc105529681\"><\/a><a name=\"_Toc105773519\"><\/a><strong>Az auton\u00f3m idegrendszer<\/strong><strong> anat\u00f3mi\u00e1ja<\/strong><\/p>\n<p style=\"font-weight: 400;\">Az idegrendszer elemei sz\u00e1mtalan, egym\u00e1ssal p\u00e1rhuzamosan elfogadott rendszer alapj\u00e1n oszt\u00e1lyozhat\u00f3k, melyek olykor bonyolult helyzeteket id\u00e9znek el\u0151 \u2013 mint az auton\u00f3m idegrendszer eset\u00e9n. Az idegrendszer elemei els\u0151dlegesen helyzet\u00fck szerint oszt\u00e1lyozand\u00f3k \u2013 \u00edgy besz\u00e9l\u00fcnk k\u00f6zponti-, valamint perif\u00e9ri\u00e1s idegrendszerr\u0151l. El\u0151bbi az agy \u00e9s a gerincvel\u0151, ut\u00f3bbi a test szerte megb\u00faj\u00f3 idegd\u00facok (<strong>ganglion<\/strong>ok), \u00e9s a testet beh\u00e1l\u00f3z\u00f3 idegek (<strong>nervus<\/strong>ok) rendszere.<\/p>\n<p style=\"font-weight: 400;\">A m\u00e1sik f\u0151 rendszerez\u00e9si elv funkci\u00f3 alapj\u00e1n t\u00f6rt\u00e9nik. \u00cdgy feloszthatjuk az idegrendszert a <strong>szomatikus<\/strong> (teh\u00e1t a \u201etestfallal\u201d foglalkoz\u00f3 r\u00e9sz) \u00e9s <strong>vegetat\u00edv<\/strong> (teh\u00e1t a \u201ezsigerekkel foglalkoz\u00f3 r\u00e9sz) <strong>idegrendszer<\/strong>re. A <strong>szomatikus idegrendszer<\/strong>en bel\u00fcl megk\u00fcl\u00f6nb\u00f6ztetj\u00fck az izmok m\u0171k\u00f6dtet\u00e9s\u00e9\u00e9rt felel\u0151s <strong>somatomotoros-<\/strong>, valamint a test k\u00fcl\u00f6nb\u00f6z\u0151 r\u00e9szeib\u0151l inform\u00e1ci\u00f3t gy\u0171jt\u0151 <strong>somatosensoros idegrendszer<\/strong>t.<\/p>\n<p style=\"font-weight: 400;\">Funkci\u00f3 szerint az idegrendszer m\u00e1sik nagy r\u00e9sz\u00e9t az <strong>auton\u00f3m idegrendszer<\/strong> alkotja, melybe beletartozik a b\u00e9lrendszer saj\u00e1t idegh\u00e1l\u00f3zata, az <strong>enteralis idegrendszer<\/strong>, a szervekt\u0151l \u00e9rz\u0151 inform\u00e1ci\u00f3t sz\u00e1ll\u00edt\u00f3 <strong>viscerosensoros idegrendszer<\/strong>, valamint a szervek m\u0171k\u00f6d\u00e9s\u00e9t befoly\u00e1sol\u00f3 <strong>sympathicus-<\/strong> \u00e9s <strong>parasympathicus idegrendszer<\/strong>.<\/p>\n","protected":false},"excerpt":{"rendered":"<p>A vegetat\u00edv idegrendszer \u00e9s endokrin szervek anat\u00f3mi\u00e1ja \u00a0c. fejezetben t\u00e1rgyal\u00e1sra ker\u00fclnek\u00a0az emberi szervezet vegetat\u00edv strukt\u00far\u00e1i: az enteralis idegrendszer, a sympathicus- \u00e9s parasympathicus idegrendszer, valamint a visceralis idegrendszer \u00e9s a vegetat\u00edv reflexek. Ezt k\u00f6vet\u0151en ker\u00fcl sor az egyes f\u0151bb endokrin szervek t\u00e1rgyal\u00e1s\u00e1ra.<\/p>\n<p>A fejezet r\u00e9szben \u00faj anyagr\u00e9szeket t\u00e1rgyal, r\u00e9szben egys\u00e9ges rendszerbe foglalja a kor\u00e1bbi fejezetekben megismert vegetat\u00edv \u00e9s endokrin strukt\u00far\u00e1kat.<\/p>\n","protected":false},"featured_media":3850,"comment_status":"open","ping_status":"closed","template":"","meta":[],"product_brand":[],"product_cat":[220,223],"product_tag":[213,182,178,179,212],"class_list":{"0":"post-3848","1":"product","2":"type-product","3":"status-publish","4":"has-post-thumbnail","6":"product_cat-anatomia-tulelokonyv","7":"product_cat-az-idegrendszer-anatomiajat-targyalo-fejezetek","8":"product_tag-endokrin-rendszer","9":"product_tag-idegrendszer","10":"product_tag-makroszkopos-anatomia-2","11":"product_tag-mikroszkopos-anatomia-2","12":"product_tag-vegetativ-idegrendszer","14":"first","15":"instock","16":"downloadable","17":"virtual","18":"purchasable","19":"product-type-simple"},"jetpack_sharing_enabled":true,"_links":{"self":[{"href":"https:\/\/anatjegyzet.hu\/index.php?rest_route=\/wp\/v2\/product\/3848","targetHints":{"allow":["GET"]}}],"collection":[{"href":"https:\/\/anatjegyzet.hu\/index.php?rest_route=\/wp\/v2\/product"}],"about":[{"href":"https:\/\/anatjegyzet.hu\/index.php?rest_route=\/wp\/v2\/types\/product"}],"replies":[{"embeddable":true,"href":"https:\/\/anatjegyzet.hu\/index.php?rest_route=%2Fwp%2Fv2%2Fcomments&post=3848"}],"wp:featuredmedia":[{"embeddable":true,"href":"https:\/\/anatjegyzet.hu\/index.php?rest_route=\/wp\/v2\/media\/3850"}],"wp:attachment":[{"href":"https:\/\/anatjegyzet.hu\/index.php?rest_route=%2Fwp%2Fv2%2Fmedia&parent=3848"}],"wp:term":[{"taxonomy":"product_brand","embeddable":true,"href":"https:\/\/anatjegyzet.hu\/index.php?rest_route=%2Fwp%2Fv2%2Fproduct_brand&post=3848"},{"taxonomy":"product_cat","embeddable":true,"href":"https:\/\/anatjegyzet.hu\/index.php?rest_route=%2Fwp%2Fv2%2Fproduct_cat&post=3848"},{"taxonomy":"product_tag","embeddable":true,"href":"https:\/\/anatjegyzet.hu\/index.php?rest_route=%2Fwp%2Fv2%2Fproduct_tag&post=3848"}],"curies":[{"name":"wp","href":"https:\/\/api.w.org\/{rel}","templated":true}]}}