{"id":3858,"date":"2022-07-16T22:04:39","date_gmt":"2022-07-16T22:04:39","guid":{"rendered":"https:\/\/anatjegyzet.hu\/?post_type=product&#038;p=3858"},"modified":"2025-12-07T21:52:27","modified_gmt":"2025-12-07T21:52:27","slug":"3-resz-az-idegrendszer-anatomiaja","status":"publish","type":"product","link":"https:\/\/anatjegyzet.hu\/?product=3-resz-az-idegrendszer-anatomiaja","title":{"rendered":"3. r\u00e9sz &#8211; Az idegrendszer anat\u00f3mi\u00e1ja"},"content":{"rendered":"","protected":false},"excerpt":{"rendered":"<p>Az idegrendszer anat\u00f3mi\u00e1j\u00e1t t\u00e1rgyal\u00f3 r\u00e9sz nem \u00f6n\u00e1ll\u00f3 jegyzet, hanem az al\u00e1bbi alfejezetekb\u0151l \u00f6ssze\u00e1ll\u00f3 jegyzetcsomag:<\/p>\n<ul>\n<li>3a. fejezet &#8211; A k\u00f6zponti idegrendszer makroszk\u00f3pi\u00e1ja (2024)<\/li>\n<li>3b. fejezet &#8211; A k\u00f6zponti idegrendszer mikroszk\u00f3pi\u00e1ja (2025)<\/li>\n<li>3c. fejezet &#8211; A perif\u00e9ri\u00e1s idegrendszer anat\u00f3mi\u00e1ja<\/li>\n<li>3d. fejezet &#8211; A vegetat\u00edv idegrendszer \u00e9s az endokrin szervek anat\u00f3mi\u00e1ja<\/li>\n<li>3e. fejezet &#8211; Az \u00e9rz\u00e9kszervek anat\u00f3mi\u00e1ja<\/li>\n<\/ul>\n<p>&nbsp;<\/p>\n<p>Figyelem! A jegyzetcsomag minden esetben az egyes fejezetek legfrissebb el\u00e9rhet\u0151 verzi\u00f3j\u00e1t tartalmazza!<\/p>\n<p>A gyorsabb el\u00e9rhet\u0151s\u00e9g \u00e9rdek\u00e9ben a jegyzetcsomaghoz tartoz\u00f3 egyes fejezetek a megv\u00e1s\u00e1rl\u00e1s ut\u00e1n egyes\u00e9vel t\u00f6lthet\u0151ek le.<\/p>\n","protected":false},"featured_media":3859,"comment_status":"open","ping_status":"closed","template":"","meta":[],"product_brand":[],"product_cat":[220,224],"product_tag":[194,177,178,183],"class_list":{"0":"post-3858","1":"product","2":"type-product","3":"status-publish","4":"has-post-thumbnail","6":"product_cat-anatomia-tulelokonyv","7":"product_cat-teljes-tulelokonyv-reszek","8":"product_tag-jegyzetcsomag","9":"product_tag-makroszkopos-anatomia-1","10":"product_tag-makroszkopos-anatomia-2","11":"product_tag-zsigertan","13":"first","14":"instock","15":"downloadable","16":"virtual","17":"purchasable","18":"product-type-simple"},"jetpack_sharing_enabled":true,"_links":{"self":[{"href":"https:\/\/anatjegyzet.hu\/index.php?rest_route=\/wp\/v2\/product\/3858","targetHints":{"allow":["GET"]}}],"collection":[{"href":"https:\/\/anatjegyzet.hu\/index.php?rest_route=\/wp\/v2\/product"}],"about":[{"href":"https:\/\/anatjegyzet.hu\/index.php?rest_route=\/wp\/v2\/types\/product"}],"replies":[{"embeddable":true,"href":"https:\/\/anatjegyzet.hu\/index.php?rest_route=%2Fwp%2Fv2%2Fcomments&post=3858"}],"wp:featuredmedia":[{"embeddable":true,"href":"https:\/\/anatjegyzet.hu\/index.php?rest_route=\/wp\/v2\/media\/3859"}],"wp:attachment":[{"href":"https:\/\/anatjegyzet.hu\/index.php?rest_route=%2Fwp%2Fv2%2Fmedia&parent=3858"}],"wp:term":[{"taxonomy":"product_brand","embeddable":true,"href":"https:\/\/anatjegyzet.hu\/index.php?rest_route=%2Fwp%2Fv2%2Fproduct_brand&post=3858"},{"taxonomy":"product_cat","embeddable":true,"href":"https:\/\/anatjegyzet.hu\/index.php?rest_route=%2Fwp%2Fv2%2Fproduct_cat&post=3858"},{"taxonomy":"product_tag","embeddable":true,"href":"https:\/\/anatjegyzet.hu\/index.php?rest_route=%2Fwp%2Fv2%2Fproduct_tag&post=3858"}],"curies":[{"name":"wp","href":"https:\/\/api.w.org\/{rel}","templated":true}]}}