{"id":3860,"date":"2022-07-16T22:11:26","date_gmt":"2022-07-16T22:11:26","guid":{"rendered":"https:\/\/anatjegyzet.hu\/?post_type=product&#038;p=3860"},"modified":"2025-12-07T21:51:24","modified_gmt":"2025-12-07T21:51:24","slug":"anatomia-tulelokonyv-a-teljes-jegyzet","status":"publish","type":"product","link":"https:\/\/anatjegyzet.hu\/?product=anatomia-tulelokonyv-a-teljes-jegyzet","title":{"rendered":"Anat\u00f3mia T\u00fal\u00e9l\u0151k\u00f6nyv &#8211; a teljes jegyzet"},"content":{"rendered":"","protected":false},"excerpt":{"rendered":"<p>Az Anat\u00f3mia T\u00fal\u00e9l\u0151k\u00f6nyv teljes, minden fejezetet tartalmaz\u00f3 jegyzetcsomagja.<\/p>\n<p>Figyelem! A jegyzetcsomag minden esetben az egyes fejezetek legfrissebb el\u00e9rhet\u0151 verzi\u00f3j\u00e1t tartalmazza!<\/p>\n<p>Minden, ami ahhoz kell, hogy meglegyen a szigorlat.<\/p>\n<p>13 + 1 fejezet.<\/p>\n","protected":false},"featured_media":5070,"comment_status":"open","ping_status":"closed","template":"","meta":[],"product_brand":[],"product_cat":[220,224],"product_tag":[194,177,178],"class_list":{"0":"post-3860","1":"product","2":"type-product","3":"status-publish","4":"has-post-thumbnail","6":"product_cat-anatomia-tulelokonyv","7":"product_cat-teljes-tulelokonyv-reszek","8":"product_tag-jegyzetcsomag","9":"product_tag-makroszkopos-anatomia-1","10":"product_tag-makroszkopos-anatomia-2","12":"first","13":"instock","14":"downloadable","15":"virtual","16":"purchasable","17":"product-type-simple"},"jetpack_sharing_enabled":true,"_links":{"self":[{"href":"https:\/\/anatjegyzet.hu\/index.php?rest_route=\/wp\/v2\/product\/3860","targetHints":{"allow":["GET"]}}],"collection":[{"href":"https:\/\/anatjegyzet.hu\/index.php?rest_route=\/wp\/v2\/product"}],"about":[{"href":"https:\/\/anatjegyzet.hu\/index.php?rest_route=\/wp\/v2\/types\/product"}],"replies":[{"embeddable":true,"href":"https:\/\/anatjegyzet.hu\/index.php?rest_route=%2Fwp%2Fv2%2Fcomments&post=3860"}],"wp:featuredmedia":[{"embeddable":true,"href":"https:\/\/anatjegyzet.hu\/index.php?rest_route=\/wp\/v2\/media\/5070"}],"wp:attachment":[{"href":"https:\/\/anatjegyzet.hu\/index.php?rest_route=%2Fwp%2Fv2%2Fmedia&parent=3860"}],"wp:term":[{"taxonomy":"product_brand","embeddable":true,"href":"https:\/\/anatjegyzet.hu\/index.php?rest_route=%2Fwp%2Fv2%2Fproduct_brand&post=3860"},{"taxonomy":"product_cat","embeddable":true,"href":"https:\/\/anatjegyzet.hu\/index.php?rest_route=%2Fwp%2Fv2%2Fproduct_cat&post=3860"},{"taxonomy":"product_tag","embeddable":true,"href":"https:\/\/anatjegyzet.hu\/index.php?rest_route=%2Fwp%2Fv2%2Fproduct_tag&post=3860"}],"curies":[{"name":"wp","href":"https:\/\/api.w.org\/{rel}","templated":true}]}}