{"id":4025,"date":"2022-12-06T10:56:11","date_gmt":"2022-12-06T10:56:11","guid":{"rendered":"https:\/\/anatjegyzet.hu\/?post_type=product&#038;p=4025"},"modified":"2024-01-14T17:58:56","modified_gmt":"2024-01-14T17:58:56","slug":"1-fejezet-altalanos-fejlodestan","status":"publish","type":"product","link":"https:\/\/anatjegyzet.hu\/?product=1-fejezet-altalanos-fejlodestan","title":{"rendered":"1. fejezet \u2013 \u00c1ltal\u00e1nos fejl\u0151d\u00e9stan"},"content":{"rendered":"<p style=\"font-weight: 400;\">\u00a0A fejl\u0151d\u00e9stan m\u00e1s, mint az anat\u00f3mia. E folyton v\u00e1ltoz\u00f3, dinamikusan fejl\u0151d\u0151, rejt\u00e9lyekkel teli ter\u00fclet sz\u00e1mos orvostanhallgat\u00f3 \u00e9let\u00e9t megkeser\u00edtette m\u00e1r. Az anat\u00f3mi\u00e1ban megszokott\u00f3l elt\u00e9r\u0151, kev\u00e9sb\u00e9 egys\u00e9ges nevez\u00e9ktan, az olykor a kor\u00e1bbiakat c\u00e1fol\u00f3 kutat\u00e1si eredm\u00e9nyek, a fejl\u0151d\u00e9s sor\u00e1n folyton v\u00e1ltoz\u00f3 strukt\u00far\u00e1k, a j\u00f3 \u00e1br\u00e1k hi\u00e1nya megnehez\u00edti a t\u00e9ma tanul\u00e1s\u00e1t. Az sem seg\u00edti a ter\u00fclet n\u00e9pszer\u0171s\u00e9g\u00e9t, hogy medikusk\u00e9nt \u2013 de m\u00e9g gyakorl\u00f3 orvosk\u00e9nt is \u2013 neh\u00e9z elhelyezni a ter\u00fcletet a gyakorlati medicin\u00e1ban (lesz\u00e1m\u00edtva tal\u00e1n a fejl\u0151d\u00e9si rendelleness\u00e9geket).<\/p>\n<p style=\"font-weight: 400;\">A fejl\u0151d\u00e9stan t\u00e9mak\u00f6re pedig egyszer\u0171. Alapk\u00e9rd\u00e9se nem m\u00e1s, mint a t\u00f6bbsejt\u0171s\u00e9g egyik legnagyobb titk\u00e1nak felt\u00e1r\u00e1sa: hogyan lehet, hogy egyetlen sejtb\u0151l, egyetlen sejtt\u00edpusb\u00f3l, egyetlen genetikai \u00e1llom\u00e1nyb\u00f3l a feln\u0151tt emberi l\u00e9nyben megtal\u00e1lhat\u00f3 t\u00f6bb, mint 200 k\u00fcl\u00f6nb\u00f6z\u0151 alak\u00fa \u00e9s m\u0171k\u00f6d\u00e9s\u0171 sejtf\u00e9les\u00e9g j\u00f6n l\u00e9tre, melyek komplex sz\u00f6vetekbe, szervekbe szervez\u0151dnek? Ezen k\u00e9rd\u00e9s ment\u00e9n ak\u00e1r evol\u00faci\u00f3s t\u00e1vlatokba is elsodr\u00f3dhatunk (hogyan alakult ki a t\u00f6bbsejt\u0171s\u00e9g egy\u00e1ltal\u00e1n?), vagy a t\u00e1rsadalmunkban el\u0151fordul\u00f3 egyes betegs\u00e9gek kialakul\u00e1s\u00e1nak nyom\u00e1ba is eredhet\u00fcnk (a magzatot a m\u00e9hben \u00e9rt hat\u00e1sok, vagy az any\u00e1t a v\u00e1rand\u00f3ss\u00e1g alatt \u00e9rt hat\u00e1sok hogyan hatnak feln\u0151ttkori eg\u00e9szs\u00e9gi \u00e1llapotunkra?).<\/p>\n<p style=\"font-weight: 400;\">A Fejl\u0151d\u00e9stan T\u00fal\u00e9l\u0151k\u00f6nyv c\u00e9lja kett\u0151s. Egyr\u00e9szt az\u00e9rt sz\u00fcletett, hogy a fejl\u0151d\u00e9stan tanul\u00e1sa k\u00f6nnyebb \u00e9s gyorsabb legyen. A jegyzetek c\u00e9lja az, hogy mindazon ter\u00fcletekr\u0151l megfelel\u0151 mennyis\u00e9g\u0171 magyar\u00e1zatot adjon, melyek el\u0151fordulhatnak a demonstr\u00e1ci\u00f3n, vizsg\u00e1n, vagy k\u00e9s\u0151bbi, orvosi munk\u00e1d sor\u00e1n. Az elk\u00e9sz\u00edt\u00e9s\u00e9hez sz\u00e1mtalan forr\u00e1st, egy\u00e9b tank\u00f6nyvet \u00e9s publik\u00e1ci\u00f3t felhaszn\u00e1ltam, \u00edgy pr\u00f3b\u00e1lva min\u00e9l ink\u00e1bb lefedni a t\u00e9m\u00e1kat, \u00e9s teljesk\u00f6r\u0171 tud\u00e1st, magyar\u00e1zatot adni az egyes jelens\u00e9gekr\u0151l.<\/p>\n<p style=\"font-weight: 400;\">M\u00e1sr\u00e9szt, a Fejl\u0151d\u00e9stan T\u00fal\u00e9l\u0151k\u00f6nyv nem titkolt c\u00e9lja, hogy a puszta magol\u00e1son t\u00fal valamelyest megpr\u00f3b\u00e1ljon logik\u00e1t csemp\u00e9szni a sz\u00e1raz tananyagba. Hogy megszerettesse a biol\u00f3gia ezen alapvet\u0151 ter\u00fclet\u00e9nek titokzatos vil\u00e1g\u00e1t, \u00e9s hogy inspir\u00e1ljon a sz\u00e1mtalan megv\u00e1laszolatlan k\u00e9rd\u00e9s tov\u00e1bbi kutat\u00e1s\u00e1ra.<\/p>\n","protected":false},"excerpt":{"rendered":"<p>A Fejl\u0151d\u00e9stan T\u00fal\u00e9l\u0151k\u00f6nyv valami \u00faj kezdete. Az anat\u00f3mi\u00e1t\u00f3l elt\u00e9r\u0151en, a folyamatosan, napr\u00f3l napra v\u00e1ltoz\u00f3 strukt\u00far\u00e1k nyomon k\u00f6vet\u00e9se, meg\u00e9rt\u00e9se \u00e9s megjegyz\u00e9se nem egyszer\u0171 feladat.<\/p>\n<p>A Fejl\u0151d\u00e9stan T\u00fal\u00e9l\u0151k\u00f6nyv \u00e9s \u00e1braanyaga ezt a neh\u00e9z feladatot k\u00edv\u00e1nja seg\u00edteni, k\u00e9t fejezetben, melyb\u0151l az els\u0151 az \u00c1ltal\u00e1nos fejl\u0151d\u00e9stan az ivarsejtek kialakul\u00e1s\u00e1val, a megterm\u00e9keny\u00edt\u00e9ssel, az ut\u00f3d fejl\u0151d\u00e9s\u00e9nek els\u0151 4 het\u00e9vel, valamint az embryonalis \u00e9s magzati peri\u00f3dus \u00e1ltal\u00e1nos t\u00f6rt\u00e9n\u00e9seivel foglalkozik, a sz\u00fcl\u00e9ssel bez\u00e1r\u00f3lag.<\/p>\n","protected":false},"featured_media":4056,"comment_status":"open","ping_status":"closed","template":"","meta":[],"product_brand":[],"product_cat":[219],"product_tag":[218],"class_list":{"0":"post-4025","1":"product","2":"type-product","3":"status-publish","4":"has-post-thumbnail","6":"product_cat-fejlodestan-tulelokonyv","7":"product_tag-fejlodestan","9":"first","10":"instock","11":"downloadable","12":"virtual","13":"purchasable","14":"product-type-simple"},"jetpack_sharing_enabled":true,"_links":{"self":[{"href":"https:\/\/anatjegyzet.hu\/index.php?rest_route=\/wp\/v2\/product\/4025","targetHints":{"allow":["GET"]}}],"collection":[{"href":"https:\/\/anatjegyzet.hu\/index.php?rest_route=\/wp\/v2\/product"}],"about":[{"href":"https:\/\/anatjegyzet.hu\/index.php?rest_route=\/wp\/v2\/types\/product"}],"replies":[{"embeddable":true,"href":"https:\/\/anatjegyzet.hu\/index.php?rest_route=%2Fwp%2Fv2%2Fcomments&post=4025"}],"wp:featuredmedia":[{"embeddable":true,"href":"https:\/\/anatjegyzet.hu\/index.php?rest_route=\/wp\/v2\/media\/4056"}],"wp:attachment":[{"href":"https:\/\/anatjegyzet.hu\/index.php?rest_route=%2Fwp%2Fv2%2Fmedia&parent=4025"}],"wp:term":[{"taxonomy":"product_brand","embeddable":true,"href":"https:\/\/anatjegyzet.hu\/index.php?rest_route=%2Fwp%2Fv2%2Fproduct_brand&post=4025"},{"taxonomy":"product_cat","embeddable":true,"href":"https:\/\/anatjegyzet.hu\/index.php?rest_route=%2Fwp%2Fv2%2Fproduct_cat&post=4025"},{"taxonomy":"product_tag","embeddable":true,"href":"https:\/\/anatjegyzet.hu\/index.php?rest_route=%2Fwp%2Fv2%2Fproduct_tag&post=4025"}],"curies":[{"name":"wp","href":"https:\/\/api.w.org\/{rel}","templated":true}]}}