{"id":5545,"date":"2026-08-30T20:16:43","date_gmt":"2026-08-30T20:16:43","guid":{"rendered":"https:\/\/anatjegyzet.hu\/?post_type=product&#038;p=5545"},"modified":"2026-08-31T07:43:04","modified_gmt":"2026-08-31T07:43:04","slug":"3b-fejezet-a-kozponti-idegrendszer-mikroszkopiaja-v20241026","status":"publish","type":"product","link":"https:\/\/anatjegyzet.hu\/?product=3b-fejezet-a-kozponti-idegrendszer-mikroszkopiaja-v20241026","title":{"rendered":"3b. fejezet &#8211; A k\u00f6zponti idegrendszer mikroszk\u00f3pi\u00e1ja (v20241026)"},"content":{"rendered":"<p style=\"font-weight: 400;\"><a name=\"_Toc61820287\"><\/a><strong>Az idegrendszer mikroszk\u00f3pi\u00e1j\u00e1r\u00f3l \u00e1ltal\u00e1noss\u00e1gban<\/strong><\/p>\n<p style=\"font-weight: 400;\"><strong>\u00a0<\/strong>Mind a k\u00f6zponti-, mind a perif\u00e9ri\u00e1s idegrendszer k\u00e9t alapvet\u0151 sejtt\u00edpusb\u00f3l, a neuronokb\u00f3l \u00e9s a glia sejtekb\u0151l \u00e9p\u00fcl fel. Az idegsejteket csoportos\u00edthatjuk alakjuk, ny\u00falv\u00e1nyaik szerint.<\/p>\n<p style=\"font-weight: 400;\">Alak szerint megk\u00fcl\u00f6nb\u00f6ztetj\u00fck a multipol\u00e1ris neuronokat, melyek sz\u00e1mtalan r\u00f6videbb (dendrit) \u00e9s egy hosszabb (axon) ny\u00falv\u00e1nnyal rendelkeznek. Elhelyezkedhetnek mind a k\u00f6zponti idegrendszerben (az \u00e1br\u00e1n felt\u00fcntetett p\u00e9ld\u00e1k), valamint a perif\u00e9ri\u00e1s idegrendszer vegetat\u00edv d\u00facaiban is.<\/p>\n<p style=\"font-weight: 400;\">Bipol\u00e1ris neuronokat emberben kev\u00e9s helyen, p\u00e9ld\u00e1ul a hall\u00f3- \u00e9s helyzet\u00e9rz\u0151 szerv d\u00fac\u00e1ban (teh\u00e1t a perif\u00e9ri\u00e1n), valamint a retin\u00e1ban (ami k\u00f6zponti idegrendszernek min\u0151s\u00fcl!) tal\u00e1lhatunk. Ezen idegsejtek a sejttest (perikaryon) k\u00e9t oldal\u00e1n 1-1 hosszabb ny\u00falv\u00e1nnyal (perif\u00e9ri\u00e1s- \u00e9s centr\u00e1lis axon) rendelkeznek.<\/p>\n<p><span style=\"font-weight: 400;\">Pseudounipolaris idegsejteket csak \u00e9s kiz\u00e1r\u00f3lag a perif\u00e9ri\u00e1s idegrendszer \u00e9rz\u0151 d\u00facaiban tal\u00e1lunk (ez al\u00f3l egyetlen kiv\u00e9tel van, melyre a k\u00e9s\u0151bbiekben k\u00fcl\u00f6n kit\u00e9r\u00fcnk). A pseudounipolaris idegsejt \u2013 ak\u00e1rcsak a bipol\u00e1ris \u2013 egy perif\u00e9ri\u00e1s- \u00e9s egy centr\u00e1lis axonnal rendelkezik, \u00e1m a bipol\u00e1ris sejtt\u0151l elt\u00e9r\u0151en az inger\u00fcletnek ezen sejt eset\u00e9n nem kell \u00e1thaladni a sejttesten, ugyanis az f\u00e9lreh\u00faz\u00f3dik. Az inform\u00e1ci\u00f3 ez\u00e1ltal a perif\u00e9ri\u00e1s axonb\u00f3l k\u00f6zvetlen\u00fcl tov\u00e1bb juthat a centr\u00e1lis axonba, jelent\u0151sen n\u00f6velve ezzel az idegsejt inger\u00fclet vezet\u00e9si sebess\u00e9g\u00e9t.<\/span><\/p>\n","protected":false},"excerpt":{"rendered":"<p style=\"font-weight: 400;\">A k\u00f6zponti idegrendszer mikroszk\u00f3pi\u00e1ja a legels\u0151 T\u00fal\u00e9l\u0151k\u00f6nyv fejezetek egyike, mely eredeti verzi\u00f3ja 2017-ben l\u00e1tott napvil\u00e1got. Itt volt teh\u00e1t az ideje, hogy \u2013 nem csak \u00e1br\u00e1iban -, de nyelvezet\u00e9ben, tud\u00e1sanyag\u00e1ban is meg\u00fajuljon.<\/p>\n<p>A fejezetben legel\u0151sz\u00f6r \u00e1ltal\u00e1noss\u00e1gban a neuronok \u00e9s glia sejtek ker\u00fclnek t\u00e1rgyal\u00e1sra, majd r\u00e9szletesen a gerincvel\u0151, illetve az agyt\u00f6rzs metszetei, valamint a kisagy \u00e9s a thalamus szerkezete. Ezek ut\u00e1n a v\u00e9gagy mikroszk\u00f3pos fel\u00e9p\u00edt\u00e9s\u00e9vel, a basalis ganglionokkal \u00e9s a kapcsolataikkal ismerked\u00fcnk meg, v\u00e9gezet\u00fcl t\u00e1rgyaljuk az egyes p\u00e1ly\u00e1kat teljes hosszukban. A l\u00e1t\u00f3 \u00e9s hall\u00f3szervhez tartoz\u00f3 p\u00e1ly\u00e1kat az \u00e9rz\u00e9kszerv ismertet\u00e9se sor\u00e1n, a reflexeket pedig r\u00e9szben itt, r\u00e9szben a perif\u00e9ri\u00e1s, illetve vegetat\u00edv idegrendszern\u00e9l ismertetj\u00fck.<\/p>\n","protected":false},"featured_media":5233,"comment_status":"open","ping_status":"closed","template":"","meta":[],"product_brand":[],"product_cat":[220,223],"product_tag":[182,179],"class_list":["post-5545","product","type-product","status-publish","has-post-thumbnail","product_cat-anatomia-tulelokonyv","product_cat-az-idegrendszer-anatomiajat-targyalo-fejezetek","product_tag-idegrendszer","product_tag-mikroszkopos-anatomia-2","first","instock","downloadable","virtual","purchasable","product-type-simple"],"jetpack_sharing_enabled":true,"_links":{"self":[{"href":"https:\/\/anatjegyzet.hu\/index.php?rest_route=\/wp\/v2\/product\/5545","targetHints":{"allow":["GET"]}}],"collection":[{"href":"https:\/\/anatjegyzet.hu\/index.php?rest_route=\/wp\/v2\/product"}],"about":[{"href":"https:\/\/anatjegyzet.hu\/index.php?rest_route=\/wp\/v2\/types\/product"}],"replies":[{"embeddable":true,"href":"https:\/\/anatjegyzet.hu\/index.php?rest_route=%2Fwp%2Fv2%2Fcomments&post=5545"}],"wp:featuredmedia":[{"embeddable":true,"href":"https:\/\/anatjegyzet.hu\/index.php?rest_route=\/wp\/v2\/media\/5233"}],"wp:attachment":[{"href":"https:\/\/anatjegyzet.hu\/index.php?rest_route=%2Fwp%2Fv2%2Fmedia&parent=5545"}],"wp:term":[{"taxonomy":"product_brand","embeddable":true,"href":"https:\/\/anatjegyzet.hu\/index.php?rest_route=%2Fwp%2Fv2%2Fproduct_brand&post=5545"},{"taxonomy":"product_cat","embeddable":true,"href":"https:\/\/anatjegyzet.hu\/index.php?rest_route=%2Fwp%2Fv2%2Fproduct_cat&post=5545"},{"taxonomy":"product_tag","embeddable":true,"href":"https:\/\/anatjegyzet.hu\/index.php?rest_route=%2Fwp%2Fv2%2Fproduct_tag&post=5545"}],"curies":[{"name":"wp","href":"https:\/\/api.w.org\/{rel}","templated":true}]}}

3b. fejezet &#8211; A központi idegrendszer mikroszkópiája (v20241026)

<p style="font-weight: 400;"><a name="_Toc61820287"></a><strong>Az idegrendszer mikroszkópiájáról általánosságban</strong></p>
<p style="font-weight: 400;"><strong> </strong>Mind a központi-, mind a perifériás idegrendszer két alapvető sejttípusból, a neuronokból és a glia sejtekből épül fel. Az idegsejteket csoportosíthatjuk alakjuk, nyúlványaik szerint.</p>
<p style="font-weight: 400;">Alak szerint megkülönböztetjük a multipoláris neuronokat, melyek számtalan rövidebb (dendrit) és egy hosszabb (axon) nyúlvánnyal rendelkeznek. Elhelyezkedhetnek mind a központi idegrendszerben (az ábrán feltüntetett példák), valamint a perifériás idegrendszer vegetatív dúcaiban is.</p>
<p style="font-weight: 400;">Bipoláris neuronokat emberben kevés helyen, például a halló- és helyzetérző szerv dúcában (tehát a periférián), valamint a retinában (ami központi idegrendszernek minősül!) találhatunk. Ezen idegsejtek a sejttest (perikaryon) két oldalán 1-1 hosszabb nyúlvánnyal (perifériás- és centrális axon) rendelkeznek.</p>
<p><span style="font-weight: 400;">Pseudounipolaris idegsejteket csak és kizárólag a perifériás idegrendszer érző dúcaiban találunk (ez alól egyetlen kivétel van, melyre a későbbiekben külön kitérünk). A pseudounipolaris idegsejt – akárcsak a bipoláris – egy perifériás- és egy centrális axonnal rendelkezik, ám a bipoláris sejttől eltérően az ingerületnek ezen sejt esetén nem kell áthaladni a sejttesten, ugyanis az félrehúzódik. Az információ ezáltal a perifériás axonból közvetlenül tovább juthat a centrális axonba, jelentősen növelve ezzel az idegsejt ingerület vezetési sebességét.</span></p>

<p style="font-weight: 400;">A központi idegrendszer mikroszkópiája a legelső Túlélőkönyv fejezetek egyike, mely eredeti verziója 2017-ben látott napvilágot. Itt volt tehát az ideje, hogy – nem csak ábráiban -, de nyelvezetében, tudásanyagában is megújuljon.</p>
<p>A fejezetben legelőször általánosságban a neuronok és glia sejtek kerülnek tárgyalásra, majd részletesen a gerincvelő, illetve az agytörzs metszetei, valamint a kisagy és a thalamus szerkezete. Ezek után a végagy mikroszkópos felépítésével, a basalis ganglionokkal és a kapcsolataikkal ismerkedünk meg, végezetül tárgyaljuk az egyes pályákat teljes hosszukban. A látó és hallószervhez tartozó pályákat az érzékszerv ismertetése során, a reflexeket pedig részben itt, részben a perifériás, illetve vegetatív idegrendszernél ismertetjük.</p>
